CRAN Package Check Results for Package debest

Last updated on 2025-04-30 12:49:01 CEST.

Flavor Version Tinstall Tcheck Ttotal Status Flags
r-devel-linux-x86_64-debian-clang 0.1.0 11.28 94.93 106.21 NOTE
r-devel-linux-x86_64-debian-gcc 0.1.0 7.25 63.71 70.96 NOTE
r-devel-linux-x86_64-fedora-clang 0.1.0 150.98 OK
r-devel-linux-x86_64-fedora-gcc 0.1.0 139.59 OK
r-devel-windows-x86_64 0.1.0 11.00 100.00 111.00 OK
r-patched-linux-x86_64 0.1.0 10.31 87.20 97.51 OK
r-release-linux-x86_64 0.1.0 10.46 87.98 98.44 OK
r-release-macos-arm64 0.1.0 42.00 OK
r-release-macos-x86_64 0.1.0 86.00 OK
r-release-windows-x86_64 0.1.0 13.00 96.00 109.00 OK
r-oldrel-macos-arm64 0.1.0 43.00 OK
r-oldrel-macos-x86_64 0.1.0 86.00 OK
r-oldrel-windows-x86_64 0.1.0 14.00 116.00 130.00 OK

Check Details

Version: 0.1.0
Check: CRAN incoming feasibility
Result: NOTE Maintainer: ‘Hong Zhang <hzhang@wpi.edu>’ The Description field contains <arXiv:2401.00540>. Please refer to arXiv e-prints via their arXiv DOI <doi:10.48550/arXiv.YYMM.NNNNN>. Flavors: r-devel-linux-x86_64-debian-clang, r-devel-linux-x86_64-debian-gcc

Version: 0.1.0
Check: examples
Result: NOTE Examples with CPU (user + system) or elapsed time > 5s user system elapsed calcDuration 9.896 0.272 12.656 Flavor: r-devel-linux-x86_64-debian-clang

Version: 0.1.0
Check: examples
Result: NOTE Examples with CPU (user + system) or elapsed time > 5s user system elapsed calcDuration 5.004 0.073 6.217 Flavor: r-devel-linux-x86_64-debian-gcc