CRAN Package Check Results for Package deTS

Last updated on 2023-12-03 21:49:10 CET.

Flavor Version Tinstall Tcheck Ttotal Status Flags
r-devel-linux-x86_64-debian-clang 1.0 4.45 59.55 64.00 OK
r-devel-linux-x86_64-debian-gcc 1.0 3.14 47.55 50.69 OK
r-devel-linux-x86_64-fedora-clang 1.0 85.44 NOTE
r-devel-linux-x86_64-fedora-gcc 1.0 83.08 NOTE
r-devel-windows-x86_64 1.0 5.00 73.00 78.00 OK
r-patched-linux-x86_64 1.0 5.23 59.55 64.78 OK
r-release-linux-x86_64 1.0 3.76 58.92 62.68 OK
r-release-macos-arm64 1.0 34.00 OK
r-release-macos-x86_64 1.0 53.00 OK
r-release-windows-x86_64 1.0 6.00 86.00 92.00 OK
r-oldrel-macos-arm64 1.0 29.00 NOTE
r-oldrel-macos-x86_64 1.0 41.00 NOTE
r-oldrel-windows-x86_64 1.0 7.00 86.00 93.00 OK

Check Details

Version: 1.0
Check: dependencies in R code
Result: NOTE Namespace in Imports field not imported from: ‘RColorBrewer’ All declared Imports should be used. Flavors: r-devel-linux-x86_64-fedora-clang, r-devel-linux-x86_64-fedora-gcc, r-oldrel-macos-arm64, r-oldrel-macos-x86_64