Last updated on 2022-05-17 21:50:44 CEST.
Flavor | Version | Tinstall | Tcheck | Ttotal | Status | Flags |
---|---|---|---|---|---|---|
r-devel-linux-x86_64-debian-clang | 1.15 | 7.26 | 186.52 | 193.78 | NOTE | |
r-devel-linux-x86_64-debian-gcc | 1.15 | 6.17 | 135.69 | 141.86 | NOTE | |
r-devel-linux-x86_64-fedora-clang | 1.15 | 216.00 | NOTE | |||
r-devel-linux-x86_64-fedora-gcc | 1.15 | 218.66 | NOTE | |||
r-devel-windows-x86_64 | 1.15 | 158.00 | 297.00 | 455.00 | NOTE | |
r-patched-linux-x86_64 | 1.15 | 7.72 | 175.89 | 183.61 | NOTE | |
r-release-linux-x86_64 | 1.15 | 8.14 | 174.61 | 182.75 | NOTE | |
r-release-macos-arm64 | 1.15 | 58.00 | NOTE | |||
r-release-macos-x86_64 | 1.15 | 124.00 | NOTE | |||
r-release-windows-x86_64 | 1.15 | 104.00 | 303.00 | 407.00 | NOTE | |
r-oldrel-macos-arm64 | 1.15 | 104.00 | NOTE | |||
r-oldrel-macos-x86_64 | 1.15 | 120.00 | NOTE | |||
r-oldrel-windows-ix86+x86_64 | 1.15 | 16.00 | 243.00 | 259.00 | NOTE |
Version: 1.15
Check: LazyData
Result: NOTE
'LazyData' is specified without a 'data' directory
Flavors: r-devel-linux-x86_64-debian-clang, r-devel-linux-x86_64-debian-gcc, r-devel-linux-x86_64-fedora-clang, r-devel-linux-x86_64-fedora-gcc, r-devel-windows-x86_64, r-patched-linux-x86_64, r-release-linux-x86_64, r-release-macos-arm64, r-release-macos-x86_64, r-release-windows-x86_64, r-oldrel-macos-arm64, r-oldrel-macos-x86_64, r-oldrel-windows-ix86+x86_64