CRAN Package Check Results for Package ddalpha

Last updated on 2023-09-23 05:57:54 CEST.

Flavor Version Tinstall Tcheck Ttotal Status Flags
r-devel-linux-x86_64-debian-clang 1.3.13 191.46 134.83 326.29 NOTE
r-devel-linux-x86_64-debian-gcc 1.3.13 119.85 103.34 223.19 NOTE
r-devel-linux-x86_64-fedora-clang 1.3.13 469.50 NOTE
r-devel-linux-x86_64-fedora-gcc 1.3.13 441.38 NOTE
r-devel-windows-x86_64 1.3.13 143.00 149.00 292.00 NOTE
r-patched-linux-x86_64 1.3.13 176.00 134.64 310.64 NOTE
r-release-linux-x86_64 1.3.13 178.42 132.32 310.74 NOTE
r-release-macos-arm64 1.3.13 100.00 NOTE
r-release-macos-x86_64 1.3.13 179.00 NOTE
r-release-windows-x86_64 1.3.13 186.00 184.00 370.00 NOTE
r-oldrel-macos-arm64 1.3.13 106.00 OK
r-oldrel-macos-x86_64 1.3.13 135.00 OK
r-oldrel-windows-x86_64 1.3.13 180.00 172.00 352.00 OK

Check Details

Version: 1.3.13
Check: C++ specification
Result: NOTE
     Specified C++11: please drop specification unless essential
Flavors: r-devel-linux-x86_64-debian-clang, r-devel-linux-x86_64-debian-gcc, r-devel-linux-x86_64-fedora-clang, r-devel-linux-x86_64-fedora-gcc, r-devel-windows-x86_64, r-patched-linux-x86_64, r-release-linux-x86_64, r-release-macos-arm64, r-release-macos-x86_64, r-release-windows-x86_64

Version: 1.3.13
Check: Rd cross-references
Result: NOTE
    Undeclared package ‘fda.usc’ in Rd xrefs
Flavor: r-devel-linux-x86_64-fedora-clang