Last updated on 2024-04-20 03:52:57 CEST.
Flavor | Version | Tinstall | Tcheck | Ttotal | Status | Flags |
---|---|---|---|---|---|---|
r-devel-linux-x86_64-debian-clang | 0.1.6 | 74.99 | 59.15 | 134.14 | NOTE | |
r-devel-linux-x86_64-debian-gcc | 0.1.6 | NOTE | ||||
r-devel-linux-x86_64-fedora-clang | 0.1.6 | 184.22 | NOTE | |||
r-devel-linux-x86_64-fedora-gcc | 0.1.6 | 178.31 | NOTE | |||
r-prerel-macos-arm64 | 0.1.6 | 39.00 | NOTE | |||
r-prerel-windows-x86_64 | 0.1.6 | 60.00 | 79.00 | 139.00 | NOTE | |
r-patched-linux-x86_64 | 0.1.6 | 64.49 | 56.74 | 121.23 | NOTE | |
r-release-linux-x86_64 | 0.1.6 | 50.45 | 57.22 | 107.67 | NOTE | |
r-release-macos-arm64 | 0.1.6 | 43.00 | NOTE | |||
r-release-macos-x86_64 | 0.1.6 | 75.00 | NOTE | |||
r-release-windows-x86_64 | 0.1.6 | 72.00 | 92.00 | 164.00 | NOTE | |
r-oldrel-macos-arm64 | 0.1.6 | 44.00 | OK | |||
r-oldrel-windows-x86_64 | 0.1.6 | 71.00 | 93.00 | 164.00 | OK |
Version: 0.1.6
Check: C++ specification
Result: NOTE
Specified C++11: please drop specification unless essential
Flavors: r-devel-linux-x86_64-debian-clang, r-devel-linux-x86_64-debian-gcc, r-devel-linux-x86_64-fedora-clang, r-devel-linux-x86_64-fedora-gcc, r-prerel-macos-arm64, r-prerel-windows-x86_64, r-patched-linux-x86_64, r-release-linux-x86_64, r-release-macos-arm64, r-release-macos-x86_64, r-release-windows-x86_64