Last updated on 2022-05-28 07:05:50 CEST.
Flavor | Version | Tinstall | Tcheck | Ttotal | Status | Flags |
---|---|---|---|---|---|---|
r-devel-linux-x86_64-debian-clang | 0.2.0 | 8.52 | 89.79 | 98.31 | OK | |
r-devel-linux-x86_64-debian-gcc | 0.2.0 | 5.97 | 65.93 | 71.90 | OK | |
r-devel-linux-x86_64-fedora-clang | 0.2.0 | 114.15 | NOTE | |||
r-devel-linux-x86_64-fedora-gcc | 0.2.0 | 112.82 | NOTE | |||
r-devel-windows-x86_64 | 0.2.0 | 22.00 | 103.00 | 125.00 | OK | |
r-patched-linux-x86_64 | 0.2.0 | 13.93 | 82.97 | 96.90 | OK | |
r-release-linux-x86_64 | 0.2.0 | 8.08 | 81.86 | 89.94 | OK | |
r-release-macos-arm64 | 0.2.0 | 31.00 | NOTE | |||
r-release-macos-x86_64 | 0.2.0 | 57.00 | NOTE | |||
r-release-windows-x86_64 | 0.2.0 | 20.00 | 108.00 | 128.00 | OK | |
r-oldrel-macos-arm64 | 0.2.0 | 28.00 | NOTE | |||
r-oldrel-macos-x86_64 | 0.2.0 | 44.00 | NOTE | |||
r-oldrel-windows-ix86+x86_64 | 0.2.0 | 20.00 | 91.00 | 111.00 | OK |
Version: 0.2.0
Check: dependencies in R code
Result: NOTE
Namespace in Imports field not imported from: ‘methods’
All declared Imports should be used.
Flavors: r-devel-linux-x86_64-fedora-clang, r-devel-linux-x86_64-fedora-gcc, r-release-macos-arm64, r-release-macos-x86_64, r-oldrel-macos-arm64, r-oldrel-macos-x86_64