CRAN Package Check Results for Package dclust

Last updated on 2025-01-18 06:48:19 CET.

Flavor Version Tinstall Tcheck Ttotal Status Flags
r-devel-linux-x86_64-debian-clang 0.1.0 2.64 25.23 27.87 OK
r-devel-linux-x86_64-debian-gcc 0.1.0 1.92 20.00 21.92 OK
r-devel-linux-x86_64-fedora-clang 0.1.0 45.58 OK
r-devel-linux-x86_64-fedora-gcc 0.1.0 43.60 OK
r-devel-windows-x86_64 0.1.0 3.00 46.00 49.00 OK
r-patched-linux-x86_64 0.1.0 2.45 24.34 26.79 NOTE
r-release-linux-x86_64 0.1.0 2.22 23.92 26.14 NOTE
r-release-macos-arm64 0.1.0 18.00 NOTE
r-release-macos-x86_64 0.1.0 24.00 NOTE
r-release-windows-x86_64 0.1.0 4.00 46.00 50.00 NOTE
r-oldrel-macos-arm64 0.1.0 18.00 NOTE
r-oldrel-macos-x86_64 0.1.0 25.00 NOTE
r-oldrel-windows-x86_64 0.1.0 6.00 50.00 56.00 NOTE

Check Details

Version: 0.1.0
Check: LazyData
Result: NOTE 'LazyData' is specified without a 'data' directory Flavors: r-patched-linux-x86_64, r-release-linux-x86_64, r-release-macos-arm64, r-release-macos-x86_64, r-release-windows-x86_64, r-oldrel-macos-arm64, r-oldrel-macos-x86_64, r-oldrel-windows-x86_64