CRAN Package Check Results for Package dclust

Last updated on 2024-02-24 21:40:17 CET.

Flavor Version Tinstall Tcheck Ttotal Status Flags
r-devel-linux-x86_64-debian-clang 0.1.0 2.76 32.26 35.02 NOTE
r-devel-linux-x86_64-debian-gcc 0.1.0 2.58 24.46 27.04 NOTE
r-devel-linux-x86_64-fedora-clang 0.1.0 43.28 NOTE
r-devel-linux-x86_64-fedora-gcc 0.1.0 41.24 NOTE
r-devel-windows-x86_64 0.1.0 4.00 44.00 48.00 NOTE
r-patched-linux-x86_64 0.1.0 3.05 30.84 33.89 NOTE
r-release-linux-x86_64 0.1.0 3.32 31.26 34.58 NOTE
r-release-macos-arm64 0.1.0 18.00 NOTE
r-release-macos-x86_64 0.1.0 25.00 NOTE
r-release-windows-x86_64 0.1.0 5.00 46.00 51.00 NOTE
r-oldrel-macos-arm64 0.1.0 18.00 NOTE
r-oldrel-windows-x86_64 0.1.0 5.00 52.00 57.00 NOTE

Check Details

Version: 0.1.0
Check: LazyData
Result: NOTE 'LazyData' is specified without a 'data' directory Flavors: r-devel-linux-x86_64-debian-clang, r-devel-linux-x86_64-debian-gcc, r-devel-linux-x86_64-fedora-clang, r-devel-linux-x86_64-fedora-gcc, r-devel-windows-x86_64, r-patched-linux-x86_64, r-release-linux-x86_64, r-release-macos-arm64, r-release-macos-x86_64, r-release-windows-x86_64, r-oldrel-macos-arm64, r-oldrel-windows-x86_64