CRAN Package Check Results for Package dbplyr

Last updated on 2020-06-03 12:49:04 CEST.

Flavor Version Tinstall Tcheck Ttotal Status Flags
r-devel-linux-x86_64-debian-clang 1.4.4 16.66 111.88 128.54 OK
r-devel-linux-x86_64-debian-gcc 1.4.4 11.55 86.30 97.85 OK
r-devel-linux-x86_64-fedora-clang 1.4.4 160.97 NOTE
r-devel-linux-x86_64-fedora-gcc 1.4.4 150.87 NOTE
r-devel-windows-ix86+x86_64 1.4.4 34.00 200.00 234.00 OK
r-patched-linux-x86_64 1.4.4 15.46 111.34 126.80 OK
r-patched-solaris-x86 1.4.4 200.30 NOTE
r-release-linux-x86_64 1.4.4 12.09 111.47 123.56 OK
r-release-osx-x86_64 1.4.4 NOTE
r-release-windows-ix86+x86_64 1.4.4 22.00 115.00 137.00 OK
r-oldrel-osx-x86_64 1.4.4 NOTE
r-oldrel-windows-ix86+x86_64 1.4.4 32.00 179.00 211.00 OK

Check Details

Version: 1.4.4
Check: dependencies in R code
Result: NOTE
    Namespace in Imports field not imported from: ‘magrittr’
     All declared Imports should be used.
Flavors: r-devel-linux-x86_64-fedora-clang, r-devel-linux-x86_64-fedora-gcc, r-patched-solaris-x86, r-release-osx-x86_64, r-oldrel-osx-x86_64

Version: 1.4.4
Check: package dependencies
Result: NOTE
    Package suggested but not available for checking: ‘RPostgres’
Flavor: r-patched-solaris-x86