Last updated on 2022-05-20 12:53:22 CEST.
Flavor | Version | Tinstall | Tcheck | Ttotal | Status | Flags |
---|---|---|---|---|---|---|
r-devel-linux-x86_64-debian-clang | 1.0.0 | 7.09 | 69.15 | 76.24 | OK | |
r-devel-linux-x86_64-debian-gcc | 1.0.0 | 5.56 | 51.68 | 57.24 | OK | |
r-devel-linux-x86_64-fedora-clang | 1.0.0 | 89.12 | NOTE | |||
r-devel-windows-x86_64 | 1.0.0 | 11.00 | 87.00 | 98.00 | OK | |
r-patched-linux-x86_64 | 1.0.0 | 7.08 | 64.61 | 71.69 | OK | |
r-release-linux-x86_64 | 1.0.0 | 4.26 | 64.21 | 68.47 | OK | |
r-release-macos-arm64 | 1.0.0 | 29.00 | NOTE | |||
r-release-macos-x86_64 | 1.0.0 | 48.00 | NOTE | |||
r-release-windows-x86_64 | 1.0.0 | 15.00 | 86.00 | 101.00 | OK | |
r-oldrel-macos-arm64 | 1.0.0 | 33.00 | NOTE | |||
r-oldrel-macos-x86_64 | 1.0.0 | 33.00 | NOTE | |||
r-oldrel-windows-ix86+x86_64 | 1.0.0 | 17.00 | 74.00 | 91.00 | OK |
Version: 1.0.0
Check: dependencies in R code
Result: NOTE
Namespaces in Imports field not imported from:
‘knitr’ ‘tidyverse’ ‘vctrs’
All declared Imports should be used.
Flavors: r-devel-linux-x86_64-fedora-clang, r-release-macos-arm64, r-release-macos-x86_64, r-oldrel-macos-arm64, r-oldrel-macos-x86_64