CRAN Package Check Results for Package datplot

Last updated on 2022-10-06 21:49:50 CEST.

Flavor Version Tinstall Tcheck Ttotal Status Flags
r-devel-linux-x86_64-debian-clang 1.0.0 2.62 119.08 121.70 OK
r-devel-linux-x86_64-debian-gcc 1.0.0 1.99 91.60 93.59 OK
r-devel-linux-x86_64-fedora-clang 1.0.0 162.46 NOTE
r-devel-linux-x86_64-fedora-gcc 1.0.0 153.52 NOTE
r-devel-windows-x86_64 1.0.0 24.00 171.00 195.00 OK
r-patched-linux-x86_64 1.0.0 2.37 110.35 112.72 OK
r-release-linux-x86_64 1.0.0 2.00 111.27 113.27 OK
r-release-macos-arm64 1.0.0 52.00 NOTE
r-release-macos-x86_64 1.0.0 83.00 NOTE
r-release-windows-x86_64 1.0.0 21.00 164.00 185.00 OK
r-oldrel-macos-arm64 1.0.0 55.00 NOTE
r-oldrel-macos-x86_64 1.0.0 125.00 NOTE
r-oldrel-windows-ix86+x86_64 1.0.0 6.00 149.00 155.00 OK

Additional issues

noLD

Check Details

Version: 1.0.0
Check: data for non-ASCII characters
Result: NOTE
     Note: found 1 marked Latin-1 string
     Note: found 360 marked UTF-8 strings
Flavors: r-devel-linux-x86_64-fedora-clang, r-devel-linux-x86_64-fedora-gcc, r-release-macos-arm64, r-release-macos-x86_64, r-oldrel-macos-arm64, r-oldrel-macos-x86_64