Last updated on 2024-04-23 12:49:25 CEST.
Flavor | Version | Tinstall | Tcheck | Ttotal | Status | Flags |
---|---|---|---|---|---|---|
r-devel-linux-x86_64-debian-clang | 0.5.1 | 6.67 | 89.70 | 96.37 | OK | |
r-devel-linux-x86_64-debian-gcc | 0.5.1 | 5.34 | 70.07 | 75.41 | OK | |
r-devel-linux-x86_64-fedora-clang | 0.5.1 | 124.06 | NOTE | |||
r-devel-linux-x86_64-fedora-gcc | 0.5.1 | 120.55 | NOTE | |||
r-prerel-macos-arm64 | 0.5.1 | 42.00 | OK | |||
r-prerel-windows-x86_64 | 0.5.1 | 7.00 | 95.00 | 102.00 | OK | |
r-patched-linux-x86_64 | 0.5.1 | 7.06 | 88.00 | 95.06 | OK | |
r-release-linux-x86_64 | 0.5.1 | 4.96 | 87.65 | 92.61 | OK | |
r-release-macos-arm64 | 0.5.1 | 47.00 | OK | |||
r-release-macos-x86_64 | 0.5.1 | 107.00 | OK | |||
r-release-windows-x86_64 | 0.5.1 | 11.00 | 107.00 | 118.00 | OK | |
r-oldrel-macos-arm64 | 0.5.1 | 52.00 | OK | |||
r-oldrel-windows-x86_64 | 0.5.1 | 10.00 | 125.00 | 135.00 | OK |
Version: 0.5.1
Check: data for non-ASCII characters
Result: NOTE
Note: found 54339 marked UTF-8 strings
Flavors: r-devel-linux-x86_64-fedora-clang, r-devel-linux-x86_64-fedora-gcc