CRAN Package Check Results for Package datautils

Last updated on 2020-02-18 12:47:13 CET.

Flavor Version Tinstall Tcheck Ttotal Status Flags
r-devel-linux-x86_64-debian-clang 0.1.5 3.85 25.44 29.29 WARN
r-devel-linux-x86_64-debian-gcc 0.1.5 2.99 20.80 23.79 WARN
r-devel-linux-x86_64-fedora-clang 0.1.5 37.18 WARN
r-devel-linux-x86_64-fedora-gcc 0.1.5 35.95 WARN
r-devel-windows-ix86+x86_64 0.1.5 9.00 47.00 56.00 OK
r-devel-windows-ix86+x86_64-gcc8 0.1.5 14.00 63.00 77.00 OK
r-patched-linux-x86_64 0.1.5 3.14 23.42 26.56 OK
r-patched-solaris-x86 0.1.5 49.00 OK
r-release-linux-x86_64 0.1.5 2.74 23.58 26.32 OK
r-release-windows-ix86+x86_64 0.1.5 9.00 46.00 55.00 OK
r-release-osx-x86_64 0.1.5 OK
r-oldrel-windows-ix86+x86_64 0.1.5 7.00 74.00 81.00 OK
r-oldrel-osx-x86_64 0.1.5 OK

Check Details

Version: 0.1.5
Check: whether package can be installed
Result: WARN
    Found the following significant warnings:
     'config' variable 'CPP' is deprecated
Flavors: r-devel-linux-x86_64-debian-clang, r-devel-linux-x86_64-debian-gcc, r-devel-linux-x86_64-fedora-clang, r-devel-linux-x86_64-fedora-gcc

Version: 0.1.5
Check: package dependencies
Result: WARN
    Requires orphaned package: ‘gplots’
Flavor: r-devel-linux-x86_64-fedora-clang