Last updated on 2022-05-28 11:52:02 CEST.
Flavor | Version | Tinstall | Tcheck | Ttotal | Status | Flags |
---|---|---|---|---|---|---|
r-devel-linux-x86_64-debian-clang | 0.2.9 | 168.56 | 170.97 | 339.53 | OK | |
r-devel-linux-x86_64-debian-gcc | 0.2.9 | 171.20 | 127.31 | 298.51 | OK | |
r-devel-linux-x86_64-fedora-clang | 0.2.9 | 483.80 | NOTE | |||
r-devel-linux-x86_64-fedora-gcc | 0.2.9 | 490.24 | NOTE | |||
r-devel-windows-x86_64 | 0.2.9 | 232.00 | 222.00 | 454.00 | OK | |
r-patched-linux-x86_64 | 0.2.9 | 178.58 | 166.71 | 345.29 | OK | |
r-release-linux-x86_64 | 0.2.9 | 181.69 | 166.78 | 348.47 | OK | |
r-release-macos-arm64 | 0.2.9 | 105.00 | NOTE | |||
r-release-macos-x86_64 | 0.2.9 | 147.00 | NOTE | |||
r-release-windows-x86_64 | 0.2.9 | 247.00 | 221.00 | 468.00 | OK | |
r-oldrel-macos-arm64 | 0.2.9 | 118.00 | NOTE | |||
r-oldrel-macos-x86_64 | 0.2.9 | 245.00 | NOTE | |||
r-oldrel-windows-ix86+x86_64 | 0.2.9 | 415.00 | 267.00 | 682.00 | NOTE |
Version: 0.2.9
Check: installed package size
Result: NOTE
installed size is 40.8Mb
sub-directories of 1Mb or more:
libs 39.9Mb
Flavors: r-devel-linux-x86_64-fedora-clang, r-release-macos-arm64, r-release-macos-x86_64, r-oldrel-macos-arm64, r-oldrel-macos-x86_64, r-oldrel-windows-ix86+x86_64
Version: 0.2.9
Check: top-level files
Result: NOTE
‘cleanup’: ‘env bash’ is not portable as bash need not be installed
Flavors: r-devel-linux-x86_64-fedora-clang, r-devel-linux-x86_64-fedora-gcc