Last updated on 2023-03-31 12:54:09 CEST.
Flavor | Version | Tinstall | Tcheck | Ttotal | Status | Flags |
---|---|---|---|---|---|---|
r-devel-linux-x86_64-debian-clang | 1.1.0 | 7.48 | 76.62 | 84.10 | OK | |
r-devel-linux-x86_64-debian-gcc | 1.1.0 | 5.37 | 59.04 | 64.41 | OK | |
r-devel-linux-x86_64-fedora-clang | 1.1.0 | 101.41 | OK | |||
r-devel-linux-x86_64-fedora-gcc | 1.1.0 | 112.31 | OK | |||
r-devel-windows-x86_64 | 1.1.0 | 64.00 | 111.00 | 175.00 | OK | |
r-patched-linux-x86_64 | 1.1.0 | 5.99 | 73.51 | 79.50 | OK | |
r-release-linux-x86_64 | 1.1.0 | 6.63 | 75.20 | 81.83 | OK | |
r-release-macos-arm64 | 1.1.0 | 38.00 | OK | |||
r-release-macos-x86_64 | 1.1.0 | 67.00 | OK | |||
r-release-windows-x86_64 | 1.1.0 | 62.00 | 114.00 | 176.00 | OK | |
r-oldrel-macos-arm64 | 1.1.0 | 43.00 | OK | |||
r-oldrel-macos-x86_64 | 1.1.0 | 66.00 | OK | |||
r-oldrel-windows-ix86+x86_64 | 1.1.0 | 18.00 | 108.00 | 126.00 | NOTE |
Version: 1.1.0
Check: dependencies in R code
Result: NOTE
Initiating curl with CURL_SSL_BACKEND: openssl
Flavor: r-oldrel-windows-ix86+x86_64