Last updated on 2023-03-28 03:53:59 CEST.
Flavor | Version | Tinstall | Tcheck | Ttotal | Status | Flags |
---|---|---|---|---|---|---|
r-devel-linux-x86_64-debian-clang | 2.0.0 | 39.71 | 473.79 | 513.50 | OK | |
r-devel-linux-x86_64-debian-gcc | 2.0.0 | 31.27 | 339.52 | 370.79 | OK | |
r-devel-linux-x86_64-fedora-clang | 2.0.0 | 618.93 | OK | |||
r-devel-linux-x86_64-fedora-gcc | 2.0.0 | 592.23 | OK | |||
r-devel-windows-x86_64 | 2.0.0 | 552.00 | 552.00 | 1104.00 | OK | |
r-patched-linux-x86_64 | 2.0.0 | 49.89 | 440.31 | 490.20 | OK | |
r-release-linux-x86_64 | 2.0.0 | 29.05 | 409.37 | 438.42 | OK | |
r-release-macos-arm64 | 2.0.0 | 115.00 | OK | |||
r-release-macos-x86_64 | 2.0.0 | 200.00 | OK | |||
r-release-windows-x86_64 | 2.0.0 | 637.00 | 501.00 | 1138.00 | OK | |
r-oldrel-macos-arm64 | 2.0.0 | 125.00 | OK | |||
r-oldrel-macos-x86_64 | 2.0.0 | 201.00 | OK | |||
r-oldrel-windows-ix86+x86_64 | 2.0.0 | 93.00 | 458.00 | 551.00 | NOTE |
Version: 2.0.0
Check: dependencies in R code
Result: NOTE
Initiating curl with CURL_SSL_BACKEND: openssl
Flavor: r-oldrel-windows-ix86+x86_64