Last updated on 2023-12-05 04:08:09 CET.
Flavor | Version | Tinstall | Tcheck | Ttotal | Status | Flags |
---|---|---|---|---|---|---|
r-devel-linux-x86_64-debian-clang | 0.1.2 | 2.92 | 34.91 | 37.83 | NOTE | |
r-devel-linux-x86_64-debian-gcc | 0.1.2 | 2.53 | 27.40 | 29.93 | NOTE | |
r-devel-linux-x86_64-fedora-clang | 0.1.2 | 50.12 | NOTE | |||
r-devel-linux-x86_64-fedora-gcc | 0.1.2 | 45.64 | NOTE | |||
r-devel-windows-x86_64 | 0.1.2 | 4.00 | 55.00 | 59.00 | NOTE | |
r-patched-linux-x86_64 | 0.1.2 | 2.25 | 35.01 | 37.26 | NOTE | |
r-release-linux-x86_64 | 0.1.2 | 3.30 | 34.98 | 38.28 | NOTE | |
r-release-macos-arm64 | 0.1.2 | 21.00 | NOTE | |||
r-release-macos-x86_64 | 0.1.2 | 30.00 | NOTE | |||
r-release-windows-x86_64 | 0.1.2 | 5.00 | 53.00 | 58.00 | NOTE | |
r-oldrel-macos-arm64 | 0.1.2 | 18.00 | NOTE | |||
r-oldrel-macos-x86_64 | 0.1.2 | 31.00 | NOTE | |||
r-oldrel-windows-x86_64 | 0.1.2 | 5.00 | 58.00 | 63.00 | NOTE |
Version: 0.1.2
Check: LazyData
Result: NOTE
'LazyData' is specified without a 'data' directory
Flavors: r-devel-linux-x86_64-debian-clang, r-devel-linux-x86_64-debian-gcc, r-devel-linux-x86_64-fedora-clang, r-devel-linux-x86_64-fedora-gcc, r-devel-windows-x86_64, r-patched-linux-x86_64, r-release-linux-x86_64, r-release-macos-arm64, r-release-macos-x86_64, r-release-windows-x86_64, r-oldrel-macos-arm64, r-oldrel-macos-x86_64, r-oldrel-windows-x86_64