Last updated on 2021-01-21 21:47:51 CET.
Flavor | Version | Tinstall | Tcheck | Ttotal | Status | Flags |
---|---|---|---|---|---|---|
r-devel-linux-x86_64-debian-clang | 1.13.6 | 41.71 | 145.29 | 187.00 | OK | --no-tests |
r-devel-linux-x86_64-debian-gcc | 1.13.6 | 31.00 | 108.59 | 139.59 | OK | --no-tests |
r-devel-linux-x86_64-fedora-clang | 1.13.6 | 423.15 | NOTE | |||
r-devel-linux-x86_64-fedora-gcc | 1.13.6 | 387.54 | OK | |||
r-devel-windows-ix86+x86_64 | 1.13.6 | 113.00 | 655.00 | 768.00 | OK | |
r-patched-linux-x86_64 | 1.13.6 | 35.34 | 124.53 | 159.87 | OK | --no-tests |
r-patched-solaris-x86 | 1.13.6 | 561.40 | OK | |||
r-release-linux-x86_64 | 1.13.6 | 36.05 | 129.66 | 165.71 | OK | --no-tests |
r-release-macos-x86_64 | 1.13.6 | OK | ||||
r-release-windows-ix86+x86_64 | 1.13.6 | 2.00 | 8.00 | 10.00 | ERROR | |
r-oldrel-macos-x86_64 | 1.13.6 | OK | ||||
r-oldrel-windows-ix86+x86_64 | 1.13.6 | 88.00 | 444.00 | 532.00 | OK |
Version: 1.13.6
Check: installed package size
Result: NOTE
installed size is 5.1Mb
sub-directories of 1Mb or more:
libs 1.7Mb
Flavor: r-devel-linux-x86_64-fedora-clang
Version: 1.13.6
Check: whether package can be installed
Result: ERROR
Installation failed.
Flavor: r-release-windows-ix86+x86_64