CRAN Package Check Results for Package dartR.data

Last updated on 2024-06-12 21:49:41 CEST.

Flavor Version Tinstall Tcheck Ttotal Status Flags
r-devel-linux-x86_64-debian-clang 1.0.8 54.03 127.80 181.83 OK
r-devel-linux-x86_64-debian-gcc 1.0.8 0.78 1.62 2.40 ERROR
r-devel-linux-x86_64-fedora-clang 1.0.8 244.22 NOTE
r-devel-linux-x86_64-fedora-gcc 1.0.8 218.26 OK
r-devel-windows-x86_64 1.0.8 51.00 105.00 156.00 NOTE
r-patched-linux-x86_64 1.0.8 51.45 127.34 178.79 OK
r-release-linux-x86_64 1.0.8 49.05 122.11 171.16 OK
r-release-macos-arm64 1.0.8 85.00 NOTE
r-release-macos-x86_64 1.0.8 173.00 NOTE
r-release-windows-x86_64 1.0.8 51.00 107.00 158.00 NOTE
r-oldrel-macos-arm64 1.0.8 82.00 NOTE
r-oldrel-macos-x86_64 1.0.8 189.00 NOTE
r-oldrel-windows-x86_64 1.0.8 60.00 129.00 189.00 NOTE

Check Details

Version: 1.0.8
Check: package dependencies
Result: ERROR Package required but not available: ‘adegenet’ See section ‘The DESCRIPTION file’ in the ‘Writing R Extensions’ manual. Flavor: r-devel-linux-x86_64-debian-gcc

Version: 1.0.8
Check: installed package size
Result: NOTE installed size is 5.9Mb sub-directories of 1Mb or more: data 4.4Mb Flavors: r-devel-linux-x86_64-fedora-clang, r-devel-windows-x86_64, r-release-macos-arm64, r-release-macos-x86_64, r-release-windows-x86_64, r-oldrel-macos-arm64, r-oldrel-macos-x86_64, r-oldrel-windows-x86_64