Last updated on 2023-03-20 12:51:06 CET.
Flavor | Version | Tinstall | Tcheck | Ttotal | Status | Flags |
---|---|---|---|---|---|---|
r-devel-linux-x86_64-debian-clang | 0.2.6 | NOTE | ||||
r-devel-linux-x86_64-debian-gcc | 0.2.6 | 32.31 | 179.26 | 211.57 | NOTE | |
r-devel-linux-x86_64-fedora-clang | 0.2.6 | 385.12 | NOTE | |||
r-devel-linux-x86_64-fedora-gcc | 0.2.6 | 368.40 | NOTE | |||
r-devel-windows-x86_64 | 0.2.6 | 51.00 | 256.00 | 307.00 | NOTE | |
r-patched-linux-x86_64 | 0.2.6 | 28.73 | 260.62 | 289.35 | OK | |
r-release-linux-x86_64 | 0.2.6 | 30.71 | 248.74 | 279.45 | OK | |
r-release-macos-arm64 | 0.2.6 | 86.00 | OK | |||
r-release-macos-x86_64 | 0.2.6 | 138.00 | OK | |||
r-release-windows-x86_64 | 0.2.6 | 49.00 | 252.00 | 301.00 | OK | |
r-oldrel-macos-arm64 | 0.2.6 | 71.00 | OK | |||
r-oldrel-macos-x86_64 | 0.2.6 | 117.00 | OK | |||
r-oldrel-windows-ix86+x86_64 | 0.2.6 | 97.00 | 492.00 | 589.00 | OK |
Version: 0.2.6
Check: C++ specification
Result: NOTE
Specified C++11: please drop specification unless essential
Flavors: r-devel-linux-x86_64-debian-clang, r-devel-linux-x86_64-debian-gcc, r-devel-linux-x86_64-fedora-clang, r-devel-linux-x86_64-fedora-gcc, r-devel-windows-x86_64