Last updated on 2024-04-18 03:51:52 CEST.
Flavor | Version | Tinstall | Tcheck | Ttotal | Status | Flags |
---|---|---|---|---|---|---|
r-devel-linux-x86_64-debian-clang | 0.0.16 | 6.78 | 26.39 | 33.17 | OK | |
r-devel-linux-x86_64-debian-gcc | 0.0.16 | 4.97 | 20.46 | 25.43 | OK | |
r-devel-linux-x86_64-fedora-clang | 0.0.16 | 47.28 | OK | |||
r-devel-linux-x86_64-fedora-gcc | 0.0.16 | 41.34 | OK | |||
r-prerel-macos-arm64 | 0.0.16 | 17.00 | OK | |||
r-prerel-windows-x86_64 | 0.0.16 | 9.00 | 58.00 | 67.00 | OK | |
r-patched-linux-x86_64 | 0.0.16 | 7.19 | 26.04 | 33.23 | OK | |
r-release-linux-x86_64 | 0.0.16 | 5.90 | 25.85 | 31.75 | OK | |
r-release-macos-arm64 | 0.0.16 | 24.00 | OK | |||
r-release-macos-x86_64 | 0.0.16 | 46.00 | OK | |||
r-release-windows-x86_64 | 0.0.16 | 11.00 | 64.00 | 75.00 | OK | |
r-oldrel-macos-arm64 | 0.0.16 | 22.00 | WARN | |||
r-oldrel-windows-x86_64 | 0.0.16 | 10.00 | 60.00 | 70.00 | WARN |
Version: 0.0.16
Check: S3 generic/method consistency
Result: WARN
str:
function(object, ...)
str.language:
function(expr, name, indent)
See section ‘Generic functions and methods’ in the ‘Writing R
Extensions’ manual.
Found the following apparent S3 methods exported but not registered:
str.language
See section ‘Registering S3 methods’ in the ‘Writing R Extensions’
manual.
Flavors: r-oldrel-macos-arm64, r-oldrel-windows-x86_64