CRAN Package Check Results for Package dams

Last updated on 2022-12-03 11:52:31 CET.

Flavor Version Tinstall Tcheck Ttotal Status Flags
r-devel-linux-x86_64-debian-clang 0.3.0 10.35 77.71 88.06 OK
r-devel-linux-x86_64-debian-gcc 0.3.0 8.88 58.50 67.38 OK
r-devel-linux-x86_64-fedora-clang 0.3.0 121.08 NOTE
r-devel-linux-x86_64-fedora-gcc 0.3.0 116.71 NOTE
r-devel-windows-x86_64 0.3.0 12.00 98.00 110.00 OK
r-patched-linux-x86_64 0.3.0 10.16 71.35 81.51 OK
r-release-linux-x86_64 0.3.0 9.61 74.76 84.37 OK
r-release-macos-arm64 0.3.0 36.00 NOTE
r-release-macos-x86_64 0.3.0 65.00 NOTE
r-release-windows-x86_64 0.3.0 22.00 110.00 132.00 OK
r-oldrel-macos-arm64 0.3.0 47.00 NOTE
r-oldrel-macos-x86_64 0.3.0 55.00 NOTE
r-oldrel-windows-ix86+x86_64 0.3.0 22.00 98.00 120.00 OK

Check Details

Version: 0.3.0
Check: data for non-ASCII characters
Result: NOTE
     Note: found 5 marked UTF-8 strings
Flavors: r-devel-linux-x86_64-fedora-clang, r-devel-linux-x86_64-fedora-gcc, r-release-macos-arm64, r-release-macos-x86_64, r-oldrel-macos-arm64, r-oldrel-macos-x86_64