CRAN Package Check Results for Package dams

Last updated on 2021-11-30 12:53:29 CET.

Flavor Version Tinstall Tcheck Ttotal Status Flags
r-devel-linux-x86_64-debian-clang 0.3.0 9.05 71.59 80.64 OK
r-devel-linux-x86_64-debian-gcc 0.3.0 7.73 54.18 61.91 OK
r-devel-linux-x86_64-fedora-clang 0.3.0 109.76 NOTE
r-devel-linux-x86_64-fedora-gcc 0.3.0 95.21 NOTE
r-devel-windows-x86_64-new-UL 0.3.0 18.00 114.00 132.00 OK
r-devel-windows-x86_64-new-TK 0.3.0 NOTE
r-devel-windows-x86_64-old 0.3.0 17.00 72.00 89.00 OK
r-patched-linux-x86_64 0.3.0 9.98 65.84 75.82 OK
r-patched-solaris-x86 0.3.0 143.20 NOTE
r-release-linux-x86_64 0.3.0 10.02 65.32 75.34 OK
r-release-macos-arm64 0.3.0 NOTE
r-release-macos-x86_64 0.3.0 NOTE
r-release-windows-ix86+x86_64 0.3.0 24.00 90.00 114.00 OK
r-oldrel-macos-x86_64 0.3.0 NOTE
r-oldrel-windows-ix86+x86_64 0.3.0 14.00 64.00 78.00 OK

Check Details

Version: 0.3.0
Check: data for non-ASCII characters
Result: NOTE
     Note: found 5 marked UTF-8 strings
Flavors: r-devel-linux-x86_64-fedora-clang, r-devel-linux-x86_64-fedora-gcc, r-devel-windows-x86_64-new-TK, r-patched-solaris-x86, r-release-macos-arm64, r-release-macos-x86_64, r-oldrel-macos-x86_64