CRAN Package Check Results for Package dagitty

Last updated on 2022-11-26 20:56:24 CET.

Flavor Version Tinstall Tcheck Ttotal Status Flags
r-devel-linux-x86_64-debian-clang 0.3-1 4.33 58.80 63.13 NOTE
r-devel-linux-x86_64-debian-gcc 0.3-1 4.43 45.54 49.97 NOTE
r-devel-linux-x86_64-fedora-clang 0.3-1 92.36 NOTE
r-devel-linux-x86_64-fedora-gcc 0.3-1 100.41 NOTE
r-devel-windows-x86_64 0.3-1 39.00 95.00 134.00 NOTE
r-patched-linux-x86_64 0.3-1 NOTE
r-release-linux-x86_64 0.3-1 4.20 56.85 61.05 NOTE
r-release-macos-arm64 0.3-1 27.00 NOTE
r-release-macos-x86_64 0.3-1 40.00 NOTE
r-release-windows-x86_64 0.3-1 34.00 92.00 126.00 NOTE
r-oldrel-macos-arm64 0.3-1 30.00 NOTE
r-oldrel-macos-x86_64 0.3-1 49.00 NOTE
r-oldrel-windows-ix86+x86_64 0.3-1 15.00 93.00 108.00 NOTE

Check Details

Version: 0.3-1
Check: LazyData
Result: NOTE
     'LazyData' is specified without a 'data' directory
Flavors: r-devel-linux-x86_64-debian-clang, r-devel-linux-x86_64-debian-gcc, r-devel-linux-x86_64-fedora-clang, r-devel-linux-x86_64-fedora-gcc, r-devel-windows-x86_64, r-patched-linux-x86_64, r-release-linux-x86_64, r-release-macos-arm64, r-release-macos-x86_64, r-release-windows-x86_64, r-oldrel-macos-arm64, r-oldrel-macos-x86_64, r-oldrel-windows-ix86+x86_64