Last updated on 2023-03-29 03:53:00 CEST.
Flavor | Version | Tinstall | Tcheck | Ttotal | Status | Flags |
---|---|---|---|---|---|---|
r-devel-linux-x86_64-debian-clang | 0.1.0 | 2.33 | 28.95 | 31.28 | OK | |
r-devel-linux-x86_64-debian-gcc | 0.1.0 | 1.54 | 23.04 | 24.58 | OK | |
r-devel-linux-x86_64-fedora-clang | 0.1.0 | 39.41 | NOTE | |||
r-devel-linux-x86_64-fedora-gcc | 0.1.0 | 36.97 | NOTE | |||
r-devel-windows-x86_64 | 0.1.0 | 33.00 | 60.00 | 93.00 | OK | |
r-patched-linux-x86_64 | 0.1.0 | 1.81 | 28.29 | 30.10 | OK | |
r-release-linux-x86_64 | 0.1.0 | 2.26 | 29.40 | 31.66 | OK | |
r-release-macos-arm64 | 0.1.0 | 16.00 | NOTE | |||
r-release-macos-x86_64 | 0.1.0 | 25.00 | NOTE | |||
r-release-windows-x86_64 | 0.1.0 | 28.00 | 57.00 | 85.00 | OK | |
r-oldrel-macos-arm64 | 0.1.0 | 16.00 | NOTE | |||
r-oldrel-macos-x86_64 | 0.1.0 | 24.00 | NOTE | |||
r-oldrel-windows-ix86+x86_64 | 0.1.0 | 6.00 | 53.00 | 59.00 | OK |
Version: 0.1.0
Check: dependencies in R code
Result: NOTE
Namespace in Imports field not imported from: ‘knitr’
All declared Imports should be used.
Flavors: r-devel-linux-x86_64-fedora-clang, r-devel-linux-x86_64-fedora-gcc, r-release-macos-arm64, r-release-macos-x86_64, r-oldrel-macos-arm64, r-oldrel-macos-x86_64
Version: 0.1.0
Check: data for non-ASCII characters
Result: NOTE
Note: found 212 marked Latin-1 strings
Note: found 12719 marked UTF-8 strings
Flavors: r-devel-linux-x86_64-fedora-clang, r-devel-linux-x86_64-fedora-gcc, r-release-macos-arm64, r-release-macos-x86_64, r-oldrel-macos-arm64, r-oldrel-macos-x86_64