CRAN Package Check Results for Package dagirlite

Last updated on 2024-04-23 05:58:08 CEST.

Flavor Version Tinstall Tcheck Ttotal Status Flags
r-devel-linux-x86_64-debian-clang 0.1.0 2.37 29.95 32.32 OK
r-devel-linux-x86_64-debian-gcc 0.1.0 1.61 23.23 24.84 OK
r-devel-linux-x86_64-fedora-clang 0.1.0 39.56 NOTE
r-devel-linux-x86_64-fedora-gcc 0.1.0 38.04 NOTE
r-prerel-macos-arm64 0.1.0 18.00 OK
r-prerel-windows-x86_64 0.1.0 4.00 45.00 49.00 OK
r-patched-linux-x86_64 0.1.0 1.71 28.85 30.56 OK
r-release-linux-x86_64 0.1.0 2.61 28.67 31.28 OK
r-release-macos-arm64 0.1.0 21.00 OK
r-release-macos-x86_64 0.1.0 24.00 OK
r-release-windows-x86_64 0.1.0 4.00 47.00 51.00 OK
r-oldrel-macos-arm64 0.1.0 16.00 NOTE
r-oldrel-windows-x86_64 0.1.0 4.00 51.00 55.00 OK

Check Details

Version: 0.1.0
Check: dependencies in R code
Result: NOTE Namespace in Imports field not imported from: ‘knitr’ All declared Imports should be used. Flavors: r-devel-linux-x86_64-fedora-clang, r-devel-linux-x86_64-fedora-gcc, r-oldrel-macos-arm64

Version: 0.1.0
Check: data for non-ASCII characters
Result: NOTE Note: found 212 marked Latin-1 strings Note: found 12719 marked UTF-8 strings Flavors: r-devel-linux-x86_64-fedora-clang, r-devel-linux-x86_64-fedora-gcc, r-oldrel-macos-arm64