CRAN Package Check Results for Package dLagM

Last updated on 2022-01-22 21:53:40 CET.

Flavor Version Tinstall Tcheck Ttotal Status Flags
r-devel-linux-x86_64-debian-clang 1.1.6.2 12.38 100.81 113.19 OK
r-devel-linux-x86_64-debian-gcc 1.1.6.2 9.83 78.04 87.87 OK
r-devel-linux-x86_64-fedora-clang 1.1.6.2 137.97 OK
r-devel-linux-x86_64-fedora-gcc 1.1.6.2 125.94 OK
r-devel-windows-x86_64-new-UL 1.1.6.2 34.00 124.00 158.00 OK
r-devel-windows-x86_64-new-TK 1.1.6.2 ERROR
r-patched-linux-x86_64 1.1.6.2 13.72 96.82 110.54 OK
r-release-linux-x86_64 1.1.6.2 12.61 99.78 112.39 OK
r-release-macos-arm64 1.1.6.2 OK
r-release-macos-x86_64 1.1.6.2 OK
r-release-windows-ix86+x86_64 1.1.6.2 29.00 115.00 144.00 OK
r-oldrel-macos-x86_64 1.1.6.2 OK
r-oldrel-windows-ix86+x86_64 1.1.6.2 29.00 116.00 145.00 OK

Check Details

Version: 1.1.6.2
Check: package dependencies
Result: ERROR
    Packages required but not available: 'nardl', 'dynlm', 'AER'
    
    See section 'The DESCRIPTION file' in the 'Writing R Extensions'
    manual.
Flavor: r-devel-windows-x86_64-new-TK