CRAN Package Check Results for Package d3r

Last updated on 2022-10-06 21:49:50 CEST.

Flavor Version Tinstall Tcheck Ttotal Status Flags
r-devel-linux-x86_64-debian-clang 1.0.0 2.82 35.70 38.52 OK
r-devel-linux-x86_64-debian-gcc 1.0.0 2.40 27.02 29.42 OK
r-devel-linux-x86_64-fedora-clang 1.0.0 59.69 OK
r-devel-linux-x86_64-fedora-gcc 1.0.0 59.78 OK
r-devel-windows-x86_64 1.0.0 16.00 71.00 87.00 OK
r-patched-linux-x86_64 1.0.0 3.37 33.56 36.93 OK
r-release-linux-x86_64 1.0.0 2.83 33.28 36.11 OK
r-release-macos-arm64 1.0.0 23.00 OK
r-release-macos-x86_64 1.0.0 46.00 OK
r-release-windows-x86_64 1.0.0 20.00 68.00 88.00 OK
r-oldrel-macos-arm64 1.0.0 25.00 OK
r-oldrel-macos-x86_64 1.0.0 29.00 OK
r-oldrel-windows-ix86+x86_64 1.0.0 13.00 70.00 83.00 WARN

Check Details

Version: 1.0.0
Check: for unstated dependencies in ‘tests’
Result: WARN
    Warning: unable to access index for repository https://bioconductor.org/packages/3.14/bioc/src/contrib:
     cannot open URL 'https://bioconductor.org/packages/3.14/bioc/src/contrib/PACKAGES'
    Warning: unable to access index for repository https://bioconductor.org/packages/3.14/data/annotation/src/contrib:
     cannot open URL 'https://bioconductor.org/packages/3.14/data/annotation/src/contrib/PACKAGES'
    Warning: unable to access index for repository https://bioconductor.org/packages/3.14/data/experiment/src/contrib:
     cannot open URL 'https://bioconductor.org/packages/3.14/data/experiment/src/contrib/PACKAGES'
Flavor: r-oldrel-windows-ix86+x86_64