Last updated on 2024-03-29 12:54:02 CET.
Flavor | Version | Tinstall | Tcheck | Ttotal | Status | Flags |
---|---|---|---|---|---|---|
r-devel-linux-x86_64-debian-clang | 0.5.5 | 5.98 | 54.11 | 60.09 | OK | |
r-devel-linux-x86_64-debian-gcc | 0.5.5 | 5.21 | 40.49 | 45.70 | OK | |
r-devel-linux-x86_64-fedora-clang | 0.5.5 | 75.30 | NOTE | |||
r-devel-linux-x86_64-fedora-gcc | 0.5.5 | 89.69 | NOTE | |||
r-devel-windows-x86_64 | 0.5.5 | 9.00 | 64.00 | 73.00 | OK | |
r-patched-linux-x86_64 | 0.5.5 | 6.16 | 51.09 | 57.25 | OK | |
r-release-linux-x86_64 | 0.5.5 | 6.43 | 50.68 | 57.11 | OK | |
r-release-macos-arm64 | 0.5.5 | 31.00 | OK | |||
r-release-macos-x86_64 | 0.5.5 | 60.00 | OK | |||
r-release-windows-x86_64 | 0.5.5 | 10.00 | 67.00 | 77.00 | OK | |
r-oldrel-macos-arm64 | 0.5.5 | 28.00 | OK | |||
r-oldrel-windows-x86_64 | 0.5.5 | 10.00 | 70.00 | 80.00 | OK |
Version: 0.5.5
Check: data for non-ASCII characters
Result: NOTE
Note: found 469 marked UTF-8 strings
Flavors: r-devel-linux-x86_64-fedora-clang, r-devel-linux-x86_64-fedora-gcc