CRAN Package Check Results for Package cytometree

Last updated on 2025-07-25 12:50:03 CEST.

Flavor Version Tinstall Tcheck Ttotal Status Flags
r-devel-linux-x86_64-debian-clang 2.0.2 25.45 407.08 432.53 NOTE
r-devel-linux-x86_64-debian-gcc 2.0.2 16.93 270.55 287.48 NOTE
r-devel-linux-x86_64-fedora-clang 2.0.6 698.80 OK
r-devel-linux-x86_64-fedora-gcc 2.0.6 690.12 OK
r-devel-windows-x86_64 2.0.2 31.00 408.00 439.00 NOTE
r-patched-linux-x86_64 2.0.2 25.17 381.21 406.38 NOTE
r-release-linux-x86_64 2.0.2 21.48 382.00 403.48 NOTE
r-release-macos-arm64 2.0.2 184.00 NOTE
r-release-macos-x86_64 2.0.6 464.00 OK
r-release-windows-x86_64 2.0.6 33.00 424.00 457.00 OK
r-oldrel-macos-arm64 2.0.2 178.00 NOTE
r-oldrel-macos-x86_64 2.0.6 446.00 OK
r-oldrel-windows-x86_64 2.0.6 38.00 524.00 562.00 OK

Check Details

Version: 2.0.2
Check: CRAN incoming feasibility
Result: NOTE Maintainer: ‘Boris P Hejblum <boris.hejblum@u-bordeaux.fr>’ No Authors@R field in DESCRIPTION. Please add one, modifying Authors@R: c(person(given = "Chariff", family = "Alkhassim", role = "aut"), person(given = c("Boris", "P"), family = "Hejblum", role = c("aut", "cre"), email = "boris.hejblum@u-bordeaux.fr"), person(given = "Anthony", family = "Devaux", role = "aut"), person(given = c("Van", "Hung", "Huynh"), family = "Tran", role = "aut")) as necessary. Package CITATION file contains call(s) to old-style citEntry(). Please use bibentry() instead. Flavors: r-devel-linux-x86_64-debian-clang, r-devel-linux-x86_64-debian-gcc

Version: 2.0.2
Check: Rd files
Result: NOTE checkRd: (-1) CytofTree.Rd:47-48: Lost braces in \itemize; \value handles \item{}{} directly checkRd: (-1) CytofTree.Rd:49: Lost braces in \itemize; \value handles \item{}{} directly checkRd: (-1) CytofTree.Rd:50: Lost braces in \itemize; \value handles \item{}{} directly checkRd: (-1) CytofTree.Rd:51-52: Lost braces in \itemize; \value handles \item{}{} directly checkRd: (-1) CytofTree.Rd:53: Lost braces in \itemize; \value handles \item{}{} directly checkRd: (-1) CytofTree.Rd:54: Lost braces in \itemize; \value handles \item{}{} directly checkRd: (-1) CytomeTree.Rd:33-34: Lost braces in \itemize; \value handles \item{}{} directly checkRd: (-1) CytomeTree.Rd:35: Lost braces in \itemize; \value handles \item{}{} directly checkRd: (-1) CytomeTree.Rd:36: Lost braces in \itemize; \value handles \item{}{} directly checkRd: (-1) CytomeTree.Rd:37-38: Lost braces in \itemize; \value handles \item{}{} directly checkRd: (-1) RetrievePops.Rd:20-21: Lost braces in \itemize; \value handles \item{}{} directly checkRd: (-1) RetrievePops.Rd:22-23: Lost braces in \itemize; \value handles \item{}{} directly Flavors: r-devel-linux-x86_64-debian-clang, r-devel-linux-x86_64-debian-gcc, r-devel-windows-x86_64, r-patched-linux-x86_64, r-release-linux-x86_64, r-release-macos-arm64, r-oldrel-macos-arm64