CRAN Package Check Results for Package cylcop

Last updated on 2022-09-26 03:56:04 CEST.

Flavor Version Tinstall Tcheck Ttotal Status Flags
r-devel-linux-x86_64-debian-clang 0.1.0 23.36 217.00 240.36 OK
r-devel-linux-x86_64-debian-gcc 0.1.0 18.25 158.70 176.95 OK
r-devel-linux-x86_64-fedora-clang 0.1.0 291.06 NOTE
r-devel-linux-x86_64-fedora-gcc 0.1.0 298.95 NOTE
r-devel-windows-x86_64 0.1.0 38.00 232.00 270.00 OK
r-patched-linux-x86_64 0.1.0 24.58 200.27 224.85 OK
r-release-linux-x86_64 0.1.0 17.68 198.79 216.47 OK
r-release-macos-arm64 0.1.0 76.00 NOTE
r-release-macos-x86_64 0.1.0 122.00 NOTE
r-release-windows-x86_64 0.1.0 50.00 234.00 284.00 OK
r-oldrel-macos-arm64 0.1.0 82.00 NOTE
r-oldrel-macos-x86_64 0.1.0 100.00 NOTE
r-oldrel-windows-ix86+x86_64 0.1.0 50.00 228.00 278.00 OK

Check Details

Version: 0.1.0
Check: dependencies in R code
Result: NOTE
    Namespace in Imports field not imported from: ‘mvtnorm’
     All declared Imports should be used.
Flavors: r-devel-linux-x86_64-fedora-clang, r-devel-linux-x86_64-fedora-gcc, r-release-macos-arm64, r-release-macos-x86_64, r-oldrel-macos-arm64, r-oldrel-macos-x86_64