Last updated on 2023-12-05 12:50:04 CET.
Flavor | Version | Tinstall | Tcheck | Ttotal | Status | Flags |
---|---|---|---|---|---|---|
r-devel-linux-x86_64-debian-clang | 1.0.42 | 5.25 | 55.93 | 61.18 | OK | |
r-devel-linux-x86_64-debian-gcc | 1.0.42 | 5.55 | 43.29 | 48.84 | OK | |
r-devel-linux-x86_64-fedora-clang | 1.0.42 | 81.56 | NOTE | |||
r-devel-linux-x86_64-fedora-gcc | 1.0.42 | 87.03 | OK | |||
r-devel-windows-x86_64 | 1.0.42 | 8.00 | 66.00 | 74.00 | NOTE | |
r-patched-linux-x86_64 | 1.0.42 | 5.66 | 54.44 | 60.10 | OK | |
r-release-linux-x86_64 | 1.0.42 | 6.45 | 54.49 | 60.94 | OK | |
r-release-macos-arm64 | 1.0.42 | 37.00 | NOTE | |||
r-release-macos-x86_64 | 1.0.42 | 46.00 | NOTE | |||
r-release-windows-x86_64 | 1.0.42 | 10.00 | 72.00 | 82.00 | NOTE | |
r-oldrel-macos-arm64 | 1.0.42 | 32.00 | NOTE | |||
r-oldrel-macos-x86_64 | 1.0.42 | 40.00 | NOTE | |||
r-oldrel-windows-x86_64 | 1.0.42 | 11.00 | 76.00 | 87.00 | NOTE |
Version: 1.0.42
Check: installed package size
Result: NOTE
installed size is 6.0Mb
sub-directories of 1Mb or more:
docs 1.0Mb
extdata 1.4Mb
htmlwidgets 1.5Mb
Flavors: r-devel-linux-x86_64-fedora-clang, r-devel-windows-x86_64, r-release-macos-arm64, r-release-macos-x86_64, r-release-windows-x86_64, r-oldrel-macos-arm64, r-oldrel-macos-x86_64, r-oldrel-windows-x86_64