CRAN Package Check Results for Package cyclocomp

Last updated on 2022-01-27 02:51:23 CET.

Flavor Version Tinstall Tcheck Ttotal Status Flags
r-devel-linux-x86_64-debian-clang 1.1.0 2.83 39.92 42.75 NOTE
r-devel-linux-x86_64-debian-gcc 1.1.0 2.08 31.16 33.24 NOTE
r-devel-linux-x86_64-fedora-clang 1.1.0 52.71 NOTE
r-devel-linux-x86_64-fedora-gcc 1.1.0 41.17 NOTE
r-devel-windows-x86_64-new-UL 1.1.0 22.00 67.00 89.00 NOTE
r-devel-windows-x86_64-new-TK 1.1.0 NOTE
r-patched-linux-x86_64 1.1.0 2.17 38.12 40.29 NOTE
r-release-linux-x86_64 1.1.0 2.67 38.16 40.83 NOTE
r-release-macos-arm64 1.1.0 NOTE
r-release-macos-x86_64 1.1.0 NOTE
r-release-windows-ix86+x86_64 1.1.0 6.00 46.00 52.00 NOTE
r-oldrel-macos-x86_64 1.1.0 OK
r-oldrel-windows-ix86+x86_64 1.1.0 6.00 46.00 52.00 OK

Check Details

Version: 1.1.0
Check: LazyData
Result: NOTE
     'LazyData' is specified without a 'data' directory
Flavors: r-devel-linux-x86_64-debian-clang, r-devel-linux-x86_64-debian-gcc, r-devel-linux-x86_64-fedora-clang, r-devel-linux-x86_64-fedora-gcc, r-devel-windows-x86_64-new-UL, r-devel-windows-x86_64-new-TK, r-patched-linux-x86_64, r-release-linux-x86_64, r-release-macos-arm64, r-release-macos-x86_64, r-release-windows-ix86+x86_64