Last updated on 2023-09-29 12:56:55 CEST.
Flavor | Version | Tinstall | Tcheck | Ttotal | Status | Flags |
---|---|---|---|---|---|---|
r-devel-linux-x86_64-debian-clang | 1.2.1 | 16.97 | 272.80 | 289.77 | NOTE | |
r-devel-linux-x86_64-debian-gcc | 1.2.1 | 12.67 | 171.39 | 184.06 | NOTE | |
r-devel-linux-x86_64-fedora-clang | 1.2.1 | 303.21 | NOTE | |||
r-devel-linux-x86_64-fedora-gcc | 1.2.1 | 305.87 | NOTE | |||
r-devel-windows-x86_64 | 1.2.1 | 17.00 | 171.00 | 188.00 | NOTE | |
r-patched-linux-x86_64 | 1.2.1 | 15.76 | 222.15 | 237.91 | OK | |
r-release-linux-x86_64 | 1.2.1 | 13.72 | 221.82 | 235.54 | OK | |
r-release-macos-arm64 | 1.2.1 | 59.00 | OK | |||
r-release-macos-x86_64 | 1.2.1 | 120.00 | OK | |||
r-release-windows-x86_64 | 1.2.1 | 20.00 | 214.00 | 234.00 | OK | |
r-oldrel-macos-arm64 | 1.2.1 | 69.00 | OK | |||
r-oldrel-macos-x86_64 | 1.2.1 | 107.00 | OK | |||
r-oldrel-windows-x86_64 | 1.2.1 | 20.00 | 201.00 | 221.00 | OK |
Version: 1.2.1
Check: Rd \usage sections
Result: NOTE
Documented arguments not in \usage in documentation object 'cvRiskPlot':
‘estimator’
Documented arguments not in \usage in documentation object 'matrixMetrics':
‘estimator’
Functions with \usage entries need to have the appropriate \alias
entries, and all their arguments documented.
The \usage entries must correspond to syntactically valid R code.
See chapter ‘Writing R documentation files’ in the ‘Writing R
Extensions’ manual.
Flavors: r-devel-linux-x86_64-debian-clang, r-devel-linux-x86_64-debian-gcc, r-devel-linux-x86_64-fedora-clang, r-devel-linux-x86_64-fedora-gcc, r-devel-windows-x86_64