CRAN Package Check Results for Package cutoff

Last updated on 2023-11-29 04:00:54 CET.

Flavor Version Tinstall Tcheck Ttotal Status Flags
r-devel-linux-x86_64-debian-clang 1.3 2.92 32.72 35.64 NOTE
r-devel-linux-x86_64-debian-gcc 1.3 2.32 25.20 27.52 NOTE
r-devel-linux-x86_64-fedora-clang 1.3 44.90 NOTE
r-devel-linux-x86_64-fedora-gcc 1.3 41.97 NOTE
r-devel-windows-x86_64 1.3 3.00 49.00 52.00 NOTE
r-patched-linux-x86_64 1.3 2.84 31.66 34.50 NOTE
r-release-linux-x86_64 1.3 1.82 31.56 33.38 NOTE
r-release-macos-arm64 1.3 20.00 NOTE
r-release-macos-x86_64 1.3 27.00 NOTE
r-release-windows-x86_64 1.3 5.00 50.00 55.00 NOTE
r-oldrel-macos-arm64 1.3 21.00 NOTE
r-oldrel-macos-x86_64 1.3 29.00 NOTE
r-oldrel-windows-x86_64 1.3 5.00 52.00 57.00 NOTE

Check Details

Version: 1.3
Check: LazyData
Result: NOTE 'LazyData' is specified without a 'data' directory Flavors: r-devel-linux-x86_64-debian-clang, r-devel-linux-x86_64-debian-gcc, r-devel-linux-x86_64-fedora-clang, r-devel-linux-x86_64-fedora-gcc, r-devel-windows-x86_64, r-patched-linux-x86_64, r-release-linux-x86_64, r-release-macos-arm64, r-release-macos-x86_64, r-release-windows-x86_64, r-oldrel-macos-arm64, r-oldrel-macos-x86_64, r-oldrel-windows-x86_64