Last updated on 2023-03-26 03:50:07 CEST.
Flavor | Version | Tinstall | Tcheck | Ttotal | Status | Flags |
---|---|---|---|---|---|---|
r-devel-linux-x86_64-debian-clang | 0.4.1 | 20.13 | 102.08 | 122.21 | NOTE | |
r-devel-linux-x86_64-debian-gcc | 0.4.1 | 15.03 | 70.25 | 85.28 | NOTE | |
r-devel-linux-x86_64-fedora-gcc | 0.4.1 | 152.26 | NOTE | |||
r-patched-linux-x86_64 | 0.4.1 | 19.65 | 95.93 | 115.58 | NOTE | |
r-release-linux-x86_64 | 0.4.1 | 14.82 | 95.59 | 110.41 | OK | |
r-release-macos-arm64 | 0.4.1 | 41.00 | OK | |||
r-release-macos-x86_64 | 0.4.1 | 56.00 | OK | |||
r-release-windows-x86_64 | 0.4.1 | 38.00 | 144.00 | 182.00 | OK | |
r-oldrel-macos-arm64 | 0.4.1 | 47.00 | OK | |||
r-oldrel-macos-x86_64 | 0.4.1 | 81.00 | OK | |||
r-oldrel-windows-ix86+x86_64 | 0.4.1 | 53.00 | 181.00 | 234.00 | OK |
Version: 0.4.1
Check: C++ specification
Result: NOTE
Specified C++11: please drop specification unless essential
Flavors: r-devel-linux-x86_64-debian-clang, r-devel-linux-x86_64-debian-gcc, r-devel-linux-x86_64-fedora-gcc, r-patched-linux-x86_64