CRAN Package Check Results for Package curvHDR

Last updated on 2022-05-28 07:05:50 CEST.

Flavor Version Tinstall Tcheck Ttotal Status Flags
r-devel-linux-x86_64-debian-clang 1.2-1 14.49 113.56 128.05 WARN
r-devel-linux-x86_64-debian-gcc 1.2-1 11.40 88.91 100.31 OK
r-devel-linux-x86_64-fedora-clang 1.2-1 157.77 WARN
r-devel-linux-x86_64-fedora-gcc 1.2-1 155.07 OK
r-devel-windows-x86_64 1.2-1 22.00 131.00 153.00 OK
r-patched-linux-x86_64 1.2-1 14.28 113.26 127.54 OK
r-release-linux-x86_64 1.2-1 13.18 111.96 125.14 OK
r-release-macos-arm64 1.2-1 55.00 OK
r-release-macos-x86_64 1.2-1 91.00 OK
r-release-windows-x86_64 1.2-1 25.00 140.00 165.00 OK
r-oldrel-macos-arm64 1.2-1 75.00 OK
r-oldrel-macos-x86_64 1.2-1 86.00 OK
r-oldrel-windows-ix86+x86_64 1.2-1 33.00 605.00 638.00 OK

Additional issues

clang14

Check Details

Version: 1.2-1
Check: whether package can be installed
Result: WARN
    Found the following significant warnings:
     inpolygon.c:109:7: warning: use of bitwise '&' with boolean operands [-Wbitwise-instead-of-logical]
Flavors: r-devel-linux-x86_64-debian-clang, r-devel-linux-x86_64-fedora-clang