Last updated on 2023-04-01 12:56:22 CEST.
Flavor | Version | Tinstall | Tcheck | Ttotal | Status | Flags |
---|---|---|---|---|---|---|
r-devel-linux-x86_64-debian-clang | 1.4.2 | 48.46 | 93.31 | 141.77 | WARN | |
r-devel-linux-x86_64-debian-gcc | 1.4.2 | 35.66 | 73.74 | 109.40 | WARN | |
r-devel-linux-x86_64-fedora-clang | 1.4.2 | 186.23 | WARN | |||
r-devel-linux-x86_64-fedora-gcc | 1.4.2 | 183.36 | WARN | |||
r-devel-windows-x86_64 | 1.4.2 | 52.00 | 149.00 | 201.00 | OK | |
r-patched-linux-x86_64 | 1.4.2 | 38.21 | 91.32 | 129.53 | WARN | |
r-release-linux-x86_64 | 1.4.2 | 37.95 | 87.98 | 125.93 | OK | |
r-release-macos-arm64 | 1.4.2 | 142.00 | OK | |||
r-release-macos-x86_64 | 1.4.2 | 67.00 | OK | |||
r-release-windows-x86_64 | 1.4.2 | 50.00 | 154.00 | 204.00 | OK | |
r-oldrel-macos-arm64 | 1.4.2 | 120.00 | OK | |||
r-oldrel-macos-x86_64 | 1.4.2 | 69.00 | OK | |||
r-oldrel-windows-ix86+x86_64 | 1.4.2 | 99.00 | 163.00 | 262.00 | OK |
Version: 1.4.2
Check: whether package can be installed
Result: WARN
Found the following significant warnings:
init.c:11:47: warning: a function declaration without a prototype is deprecated in all versions of C [-Wstrict-prototypes]
See ‘/home/hornik/tmp/R.check/r-devel-clang/Work/PKGS/ctmcd.Rcheck/00install.out’ for details.
* used C compiler: ‘Debian clang version 15.0.6’
* used C++ compiler: ‘Debian clang version 15.0.6’
Flavor: r-devel-linux-x86_64-debian-clang
Version: 1.4.2
Check: whether package can be installed
Result: WARN
Found the following significant warnings:
init.c:11:1: warning: function declaration isn’t a prototype [-Wstrict-prototypes]
See ‘/home/hornik/tmp/R.check/r-devel-gcc/Work/PKGS/ctmcd.Rcheck/00install.out’ for details.
* used C compiler: ‘gcc-12 (Debian 12.2.0-14) 12.2.0’
* used C++ compiler: ‘g++-12 (Debian 12.2.0-14) 12.2.0’
Flavor: r-devel-linux-x86_64-debian-gcc
Version: 1.4.2
Check: whether package can be installed
Result: WARN
Found the following significant warnings:
init.c:11:47: warning: a function declaration without a prototype is deprecated in all versions of C [-Wstrict-prototypes]
See ‘/data/gannet/ripley/R/packages/tests-clang/ctmcd.Rcheck/00install.out’ for details.
* used C compiler: ‘clang version 16.0.0’
* used C++ compiler: ‘clang version 16.0.0’
Flavor: r-devel-linux-x86_64-fedora-clang
Version: 1.4.2
Check: whether package can be installed
Result: WARN
Found the following significant warnings:
init.c:11:1: warning: function declaration isn’t a prototype [-Wstrict-prototypes]
See ‘/data/gannet/ripley/R/packages/tests-devel/ctmcd.Rcheck/00install.out’ for details.
* used C compiler: ‘gcc (GCC) 12.2.1 20221121 (Red Hat 12.2.1-4)’
* used C++ compiler: ‘g++ (GCC) 12.2.1 20221121 (Red Hat 12.2.1-4)’
Flavor: r-devel-linux-x86_64-fedora-gcc
Version: 1.4.2
Check: whether package can be installed
Result: WARN
Found the following significant warnings:
init.c:11:1: warning: function declaration isn’t a prototype [-Wstrict-prototypes]
See ‘/home/hornik/tmp/R.check/r-patched-gcc/Work/PKGS/ctmcd.Rcheck/00install.out’ for details.
* used C compiler: ‘gcc-11 (Debian 11.3.0-12) 11.3.0’
* used C++ compiler: ‘g++-11 (Debian 11.3.0-12) 11.3.0’
Flavor: r-patched-linux-x86_64