Last updated on 2022-06-26 12:54:44 CEST.
Flavor | Version | Tinstall | Tcheck | Ttotal | Status | Flags |
---|---|---|---|---|---|---|
r-devel-linux-x86_64-debian-clang | 1.2.1 | 5.66 | 23.51 | 29.17 | NOTE | |
r-devel-linux-x86_64-debian-gcc | 1.2.1 | 5.21 | 18.74 | 23.95 | NOTE | |
r-devel-linux-x86_64-fedora-clang | 1.2.1 | 49.14 | NOTE | |||
r-devel-linux-x86_64-fedora-gcc | 1.2.1 | 46.36 | NOTE | |||
r-devel-windows-x86_64 | 1.2.1 | 21.00 | 65.00 | 86.00 | NOTE | |
r-patched-linux-x86_64 | 1.2.1 | 5.73 | 23.12 | 28.85 | NOTE | |
r-release-linux-x86_64 | 1.2.1 | 5.32 | 23.19 | 28.51 | NOTE | |
r-release-macos-arm64 | 1.2.1 | 17.00 | NOTE | |||
r-release-macos-x86_64 | 1.2.1 | 23.00 | NOTE | |||
r-release-windows-x86_64 | 1.2.1 | 13.00 | 64.00 | 77.00 | NOTE | |
r-oldrel-macos-arm64 | 1.2.1 | 22.00 | NOTE | |||
r-oldrel-macos-x86_64 | 1.2.1 | 30.00 | NOTE | |||
r-oldrel-windows-ix86+x86_64 | 1.2.1 | 17.00 | 45.00 | 62.00 | NOTE |
Version: 1.2.1
Check: LazyData
Result: NOTE
'LazyData' is specified without a 'data' directory
Flavors: r-devel-linux-x86_64-debian-clang, r-devel-linux-x86_64-debian-gcc, r-devel-linux-x86_64-fedora-clang, r-devel-linux-x86_64-fedora-gcc, r-devel-windows-x86_64, r-patched-linux-x86_64, r-release-linux-x86_64, r-release-macos-arm64, r-release-macos-x86_64, r-release-windows-x86_64, r-oldrel-macos-arm64, r-oldrel-macos-x86_64, r-oldrel-windows-ix86+x86_64