Last updated on 2022-06-26 03:49:58 CEST.
Flavor | Version | Tinstall | Tcheck | Ttotal | Status | Flags |
---|---|---|---|---|---|---|
r-devel-linux-x86_64-debian-clang | 1.2.3 | 2.75 | 90.76 | 93.51 | OK | |
r-devel-linux-x86_64-debian-gcc | 1.2.3 | 2.24 | 71.15 | 73.39 | OK | |
r-devel-linux-x86_64-fedora-clang | 1.2.3 | 117.05 | OK | |||
r-devel-linux-x86_64-fedora-gcc | 1.2.3 | 114.74 | OK | |||
r-devel-windows-x86_64 | 1.2.3 | 19.00 | 128.00 | 147.00 | OK | |
r-patched-linux-x86_64 | 1.2.3 | 3.06 | 88.28 | 91.34 | OK | |
r-release-linux-x86_64 | 1.2.3 | 2.40 | 87.48 | 89.88 | OK | |
r-release-macos-arm64 | 1.2.3 | 63.00 | OK | |||
r-release-macos-x86_64 | 1.2.3 | 73.00 | OK | |||
r-release-windows-x86_64 | 1.2.3 | 20.00 | 128.00 | 148.00 | OK | |
r-oldrel-macos-arm64 | 1.2.3 | 56.00 | OK | |||
r-oldrel-macos-x86_64 | 1.2.3 | 71.00 | OK | |||
r-oldrel-windows-ix86+x86_64 | 1.2.3 | 7.00 | 122.00 | 129.00 | WARN |
Version: 1.2.3
Check: re-building of vignette outputs
Result: WARN
Error(s) in re-building vignettes:
--- re-building 'quick_start_guide.Rmd' using rmarkdown
trying URL 'https://opendata.arcgis.com/datasets/62e0cf326bab442897944e4dc4999c16_2.zip'
Quitting from lines 64-74 (quick_start_guide.Rmd)
Error: processing vignette 'quick_start_guide.Rmd' failed with diagnostics:
Object shp is neither from class sf, stars, Spatial, Raster, nor SpatRaster.
--- failed re-building 'quick_start_guide.Rmd'
SUMMARY: processing the following file failed:
'quick_start_guide.Rmd'
Error: Vignette re-building failed.
Execution halted
Flavor: r-oldrel-windows-ix86+x86_64