CRAN Package Check Results for Package cshapes

Last updated on 2020-08-11 21:48:21 CEST.

Flavor Version Tinstall Tcheck Ttotal Status Flags
r-devel-linux-x86_64-debian-clang 0.6 5.01 39.23 44.24 OK
r-devel-linux-x86_64-debian-gcc 0.6 3.96 29.99 33.95 OK
r-devel-linux-x86_64-fedora-clang 0.6 60.92 NOTE
r-devel-linux-x86_64-fedora-gcc 0.6 49.61 OK
r-devel-windows-ix86+x86_64 0.6 21.00 94.00 115.00 NOTE
r-patched-linux-x86_64 0.6 4.22 37.63 41.85 OK
r-patched-solaris-x86 0.6 82.50 NOTE
r-release-linux-x86_64 0.6 4.60 38.18 42.78 OK
r-release-macos-x86_64 0.6 NOTE
r-release-windows-ix86+x86_64 0.6 24.00 104.00 128.00 NOTE
r-oldrel-macos-x86_64 0.6 NOTE
r-oldrel-windows-ix86+x86_64 0.6 14.00 61.00 75.00 NOTE

Check Details

Version: 0.6
Check: installed package size
Result: NOTE
     installed size is 7.9Mb
     sub-directories of 1Mb or more:
     shp 7.8Mb
Flavors: r-devel-linux-x86_64-fedora-clang, r-devel-windows-ix86+x86_64, r-patched-solaris-x86, r-release-macos-x86_64, r-release-windows-ix86+x86_64, r-oldrel-macos-x86_64, r-oldrel-windows-ix86+x86_64