Last updated on 2024-04-30 21:50:06 CEST.
Flavor | Version | Tinstall | Tcheck | Ttotal | Status | Flags |
---|---|---|---|---|---|---|
r-devel-linux-x86_64-debian-clang | 1.2-2.1 | 9.22 | 69.53 | 78.75 | NOTE | |
r-devel-linux-x86_64-debian-gcc | 1.2-2.1 | 6.84 | 52.38 | 59.22 | NOTE | |
r-devel-linux-x86_64-fedora-clang | 1.2-2.1 | 96.23 | NOTE | |||
r-devel-linux-x86_64-fedora-gcc | 1.2-2.1 | 92.07 | NOTE | |||
r-devel-windows-x86_64 | 1.2-2.1 | 8.00 | 67.00 | 75.00 | NOTE | |
r-patched-linux-x86_64 | 1.2-2.1 | 9.09 | 66.59 | 75.68 | NOTE | |
r-release-linux-x86_64 | 1.2-2.1 | 8.01 | 67.33 | 75.34 | NOTE | |
r-release-macos-arm64 | 1.2-2.1 | 31.00 | NOTE | |||
r-release-windows-x86_64 | 1.2-2.1 | 7.00 | 68.00 | 75.00 | NOTE | |
r-oldrel-macos-arm64 | 1.2-2.1 | 34.00 | NOTE | |||
r-oldrel-macos-x86_64 | 1.2-2.1 | 51.00 | NOTE | |||
r-oldrel-windows-x86_64 | 1.2-2.1 | 10.00 | 79.00 | 89.00 | NOTE |
Version: 1.2-2.1
Check: LazyData
Result: NOTE
'LazyData' is specified without a 'data' directory
Flavors: r-devel-linux-x86_64-debian-clang, r-devel-linux-x86_64-debian-gcc, r-devel-linux-x86_64-fedora-clang, r-devel-linux-x86_64-fedora-gcc, r-devel-windows-x86_64, r-patched-linux-x86_64, r-release-linux-x86_64, r-release-macos-arm64, r-release-windows-x86_64, r-oldrel-macos-arm64, r-oldrel-macos-x86_64, r-oldrel-windows-x86_64