CRAN Package Check Results for Package crsuggest

Last updated on 2024-03-01 03:56:27 CET.

Flavor Version Tinstall Tcheck Ttotal Status Flags
r-devel-linux-x86_64-debian-clang 0.4 37.81 341.71 379.52 OK
r-devel-linux-x86_64-debian-gcc 0.4 36.80 249.91 286.71 OK
r-devel-linux-x86_64-fedora-clang 0.4 461.22 NOTE
r-devel-linux-x86_64-fedora-gcc 0.4 480.98 OK
r-devel-windows-x86_64 0.4 40.00 211.00 251.00 NOTE
r-patched-linux-x86_64 0.4 42.76 324.06 366.82 OK
r-release-linux-x86_64 0.4 30.18 328.53 358.71 OK
r-release-macos-arm64 0.4 125.00 NOTE
r-release-macos-x86_64 0.4 198.00 NOTE
r-release-windows-x86_64 0.4 52.00 281.00 333.00 NOTE
r-oldrel-macos-arm64 0.4 100.00 NOTE
r-oldrel-windows-x86_64 0.4 51.00 257.00 308.00 NOTE

Check Details

Version: 0.4
Check: installed package size
Result: NOTE installed size is 5.8Mb sub-directories of 1Mb or more: data 5.7Mb Flavors: r-devel-linux-x86_64-fedora-clang, r-devel-windows-x86_64, r-release-macos-arm64, r-release-macos-x86_64, r-release-windows-x86_64, r-oldrel-macos-arm64, r-oldrel-windows-x86_64