CRAN Package Check Results for Package crsuggest

Last updated on 2022-01-19 11:53:55 CET.

Flavor Version Tinstall Tcheck Ttotal Status Flags
r-devel-linux-x86_64-debian-clang 0.3.1 OK
r-devel-linux-x86_64-debian-gcc 0.3.1 35.13 203.97 239.10 OK
r-devel-linux-x86_64-fedora-clang 0.3.1 359.97 NOTE
r-devel-linux-x86_64-fedora-gcc 0.3.1 343.17 OK
r-devel-windows-x86_64-new-UL 0.3.1 47.00 255.00 302.00 NOTE
r-devel-windows-x86_64-new-TK 0.3.1 OK
r-patched-linux-x86_64 0.3.1 28.05 248.98 277.03 OK
r-release-linux-x86_64 0.3.1 OK
r-release-macos-arm64 0.3.1 NOTE
r-release-macos-x86_64 0.3.1 NOTE
r-release-windows-ix86+x86_64 0.3.1 78.00 270.00 348.00 NOTE
r-oldrel-macos-x86_64 0.3.1 NOTE
r-oldrel-windows-ix86+x86_64 0.3.1 81.00 297.00 378.00 NOTE

Check Details

Version: 0.3.1
Check: installed package size
Result: NOTE
     installed size is 5.8Mb
     sub-directories of 1Mb or more:
     data 5.7Mb
Flavors: r-devel-linux-x86_64-fedora-clang, r-devel-windows-x86_64-new-UL, r-release-macos-arm64, r-release-macos-x86_64, r-release-windows-ix86+x86_64, r-oldrel-macos-x86_64, r-oldrel-windows-ix86+x86_64