Last updated on 2022-06-26 12:54:44 CEST.
Flavor | Version | Tinstall | Tcheck | Ttotal | Status | Flags |
---|---|---|---|---|---|---|
r-devel-linux-x86_64-debian-clang | 0.2.3 | 12.70 | 125.24 | 137.94 | OK | |
r-devel-linux-x86_64-debian-gcc | 0.2.3 | 10.22 | 91.47 | 101.69 | OK | |
r-devel-linux-x86_64-fedora-clang | 0.2.3 | 165.95 | NOTE | |||
r-devel-linux-x86_64-fedora-gcc | 0.2.3 | 165.07 | NOTE | |||
r-devel-windows-x86_64 | 0.2.3 | 24.00 | 140.00 | 164.00 | OK | |
r-patched-linux-x86_64 | 0.2.3 | 18.36 | 116.13 | 134.49 | OK | |
r-release-linux-x86_64 | 0.2.3 | 10.86 | 116.14 | 127.00 | OK | |
r-release-macos-arm64 | 0.2.3 | 45.00 | NOTE | |||
r-release-macos-x86_64 | 0.2.3 | 105.00 | NOTE | |||
r-release-windows-x86_64 | 0.2.3 | 26.00 | 147.00 | 173.00 | OK | |
r-oldrel-macos-arm64 | 0.2.3 | 63.00 | NOTE | |||
r-oldrel-macos-x86_64 | 0.2.3 | 86.00 | NOTE | |||
r-oldrel-windows-ix86+x86_64 | 0.2.3 | 28.00 | 154.00 | 182.00 | OK |
Version: 0.2.3
Check: data for non-ASCII characters
Result: NOTE
Note: found 500 marked UTF-8 strings
Flavors: r-devel-linux-x86_64-fedora-clang, r-devel-linux-x86_64-fedora-gcc, r-release-macos-arm64, r-release-macos-x86_64, r-oldrel-macos-arm64, r-oldrel-macos-x86_64