CRAN Package Check Results for Package crrSC

Last updated on 2023-11-29 04:00:54 CET.

Flavor Version Tinstall Tcheck Ttotal Status Flags
r-devel-linux-x86_64-debian-clang 1.1.2 10.23 72.21 82.44 OK
r-devel-linux-x86_64-debian-gcc 1.1.2 8.56 54.60 63.16 OK
r-devel-linux-x86_64-fedora-clang 1.1.2 101.92 NOTE
r-devel-linux-x86_64-fedora-gcc 1.1.2 100.33 NOTE
r-devel-windows-x86_64 1.1.2 12.00 79.00 91.00 OK
r-patched-linux-x86_64 1.1.2 10.63 70.23 80.86 OK
r-release-linux-x86_64 1.1.2 12.66 70.11 82.77 OK
r-release-macos-arm64 1.1.2 39.00 OK
r-release-macos-x86_64 1.1.2 59.00 OK
r-release-windows-x86_64 1.1.2 15.00 87.00 102.00 OK
r-oldrel-macos-arm64 1.1.2 35.00 OK
r-oldrel-macos-x86_64 1.1.2 50.00 OK
r-oldrel-windows-x86_64 1.1.2 16.00 86.00 102.00 OK

Check Details

Version: 1.1.2
Check: compiled code
Result: NOTE File ‘crrSC/libs/crrSC.so’: Found no calls to: ‘R_registerRoutines’, ‘R_useDynamicSymbols’ It is good practice to register native routines and to disable symbol search. See ‘Writing portable packages’ in the ‘Writing R Extensions’ manual. Flavors: r-devel-linux-x86_64-fedora-clang, r-devel-linux-x86_64-fedora-gcc