Last updated on 2023-03-26 21:54:32 CEST.
Flavor | Version | Tinstall | Tcheck | Ttotal | Status | Flags |
---|---|---|---|---|---|---|
r-devel-linux-x86_64-debian-clang | 0.4.0 | 10.89 | 107.31 | 118.20 | OK | |
r-devel-linux-x86_64-debian-gcc | 0.4.0 | 7.88 | 80.42 | 88.30 | OK | |
r-devel-linux-x86_64-fedora-gcc | 0.4.0 | 172.68 | OK | |||
r-patched-linux-x86_64 | 0.4.0 | 6.13 | 99.66 | 105.79 | OK | |
r-release-linux-x86_64 | 0.4.0 | 7.94 | 103.26 | 111.20 | OK | |
r-release-macos-arm64 | 0.4.0 | 39.00 | OK | |||
r-release-macos-x86_64 | 0.4.0 | 69.00 | OK | |||
r-release-windows-x86_64 | 0.4.0 | 129.00 | 140.00 | 269.00 | OK | |
r-oldrel-macos-arm64 | 0.4.0 | 48.00 | OK | |||
r-oldrel-macos-x86_64 | 0.4.0 | 71.00 | OK | |||
r-oldrel-windows-ix86+x86_64 | 0.4.0 | 24.00 | 131.00 | 155.00 | NOTE |
Version: 0.4.0
Check: R code for possible problems
Result: NOTE
Initiating curl with CURL_SSL_BACKEND: openssl
Flavor: r-oldrel-windows-ix86+x86_64