CRAN Package Check Results for Package crov

Last updated on 2024-02-23 12:51:41 CET.

Flavor Version Tinstall Tcheck Ttotal Status Flags
r-devel-linux-x86_64-debian-clang 0.3.0 NOTE
r-devel-linux-x86_64-debian-gcc 0.3.0 5.72 53.12 58.84 NOTE
r-devel-linux-x86_64-fedora-clang 0.3.0 95.01 OK
r-devel-linux-x86_64-fedora-gcc 0.3.0 93.32 OK
r-devel-windows-x86_64 0.3.0 6.00 72.00 78.00 OK
r-patched-linux-x86_64 0.3.0 8.18 69.52 77.70 OK
r-release-linux-x86_64 0.3.0 6.07 69.06 75.13 OK
r-release-macos-arm64 0.3.0 35.00 OK
r-release-macos-x86_64 0.3.0 77.00 OK
r-release-windows-x86_64 0.3.0 7.00 79.00 86.00 OK
r-oldrel-macos-arm64 0.3.0 34.00 OK
r-oldrel-windows-x86_64 0.3.0 11.00 89.00 100.00 OK

Check Details

Version: 0.3.0
Check: Rd files
Result: NOTE checkRd: (-1) confRegCCR.Rd:24: Lost braces; missing escapes or markup? 24 | of interest, beta_{0r}, and the remaining ones are the constrained MLEs given beta_{0r}.} | ^ checkRd: (-1) confRegCCR.Rd:24: Lost braces; missing escapes or markup? 24 | of interest, beta_{0r}, and the remaining ones are the constrained MLEs given beta_{0r}.} | ^ checkRd: (-1) confRegCCR.Rd:27: Lost braces; missing escapes or markup? 27 | beta_{0r} in \code{paramVals}, which are those of interest, usually the ones | ^ checkRd: (-1) confRegUCRandUCCR.Rd:24: Lost braces; missing escapes or markup? 24 | of interest, beta_{0r}, and the remaining ones are the unconstrained MLEs given beta_{0r}.} | ^ checkRd: (-1) confRegUCRandUCCR.Rd:24: Lost braces; missing escapes or markup? 24 | of interest, beta_{0r}, and the remaining ones are the unconstrained MLEs given beta_{0r}.} | ^ checkRd: (-1) confRegUCRandUCCR.Rd:27: Lost braces; missing escapes or markup? 27 | beta_{0r} in \code{paramVals}, which are those of interest, usually the ones | ^ Flavors: r-devel-linux-x86_64-debian-clang, r-devel-linux-x86_64-debian-gcc