Last updated on 2023-10-04 20:42:24 CEST.
Flavor | Version | Tinstall | Tcheck | Ttotal | Status | Flags |
---|---|---|---|---|---|---|
r-devel-linux-x86_64-debian-clang | 1.0.4 | 24.93 | 211.91 | 236.84 | OK | |
r-devel-linux-x86_64-debian-gcc | 1.0.4 | 16.76 | 159.17 | 175.93 | OK | |
r-devel-linux-x86_64-fedora-clang | 1.0.4 | 304.51 | OK | |||
r-devel-linux-x86_64-fedora-gcc | 1.0.4 | 305.70 | OK | |||
r-devel-windows-x86_64 | 1.0.4 | 25.00 | 188.00 | 213.00 | OK | |
r-patched-linux-x86_64 | 1.0.3 | 24.19 | 208.40 | 232.59 | OK | |
r-release-linux-x86_64 | 1.0.4 | 16.66 | 208.47 | 225.13 | OK | |
r-release-macos-arm64 | 1.0.4 | 145.00 | NOTE | |||
r-release-macos-x86_64 | 1.0.4 | 190.00 | NOTE | |||
r-release-windows-x86_64 | 1.0.4 | 30.00 | 244.00 | 274.00 | NOTE | |
r-oldrel-macos-arm64 | 1.0.4 | 106.00 | NOTE | |||
r-oldrel-macos-x86_64 | 1.0.3 | 146.00 | NOTE | |||
r-oldrel-windows-x86_64 | 1.0.4 | 26.00 | 230.00 | 256.00 | NOTE |
Version: 1.0.4
Check: package dependencies
Result: NOTE
Package suggested but not available for checking: ‘EnsDb.Hsapiens.v86’
Flavors: r-release-macos-arm64, r-release-macos-x86_64, r-release-windows-x86_64, r-oldrel-macos-arm64, r-oldrel-windows-x86_64
Version: 1.0.3
Check: package dependencies
Result: NOTE
Package suggested but not available for checking: ‘EnsDb.Hsapiens.v86’
Flavor: r-oldrel-macos-x86_64