Last updated on 2024-04-30 21:50:05 CEST.
Flavor | Version | Tinstall | Tcheck | Ttotal | Status | Flags |
---|---|---|---|---|---|---|
r-devel-linux-x86_64-debian-clang | 0.0.21 | 6.46 | 78.11 | 84.57 | NOTE | |
r-devel-linux-x86_64-debian-gcc | 0.0.21 | 5.61 | 57.38 | 62.99 | NOTE | |
r-devel-linux-x86_64-fedora-clang | 0.0.21 | 106.45 | NOTE | |||
r-devel-linux-x86_64-fedora-gcc | 0.0.21 | 111.83 | NOTE | |||
r-devel-windows-x86_64 | 0.0.21 | 7.00 | 87.00 | 94.00 | NOTE | |
r-patched-linux-x86_64 | 0.0.21 | 7.28 | 73.83 | 81.11 | NOTE | |
r-release-linux-x86_64 | 0.0.21 | 8.09 | 74.32 | 82.41 | NOTE | |
r-release-macos-arm64 | 0.0.21 | 36.00 | NOTE | |||
r-release-macos-x86_64 | 0.0.21 | 71.00 | OK | |||
r-release-windows-x86_64 | 0.0.21 | 8.00 | 86.00 | 94.00 | NOTE | |
r-oldrel-macos-arm64 | 0.0.21 | 38.00 | OK | |||
r-oldrel-macos-x86_64 | 0.0.21 | 71.00 | OK | |||
r-oldrel-windows-x86_64 | 0.0.21 | 7.00 | 94.00 | 101.00 | OK |
Version: 0.0.21
Check: Rd files
Result: NOTE
checkRd: (-1) normFit.Rd:39: Lost braces; missing escapes or markup?
39 | {analytes}}
| ^
checkRd: (-1) normPred.Rd:27: Lost braces
27 | ode{standards}, \code{analytes}}
| ^
Flavors: r-devel-linux-x86_64-debian-clang, r-devel-linux-x86_64-debian-gcc, r-devel-linux-x86_64-fedora-clang, r-devel-linux-x86_64-fedora-gcc, r-devel-windows-x86_64, r-patched-linux-x86_64, r-release-linux-x86_64, r-release-macos-arm64, r-release-windows-x86_64