Last updated on 2025-02-04 03:49:45 CET.
Flavor | Version | Tinstall | Tcheck | Ttotal | Status | Flags |
---|---|---|---|---|---|---|
r-devel-linux-x86_64-debian-clang | 0.0.21 | 6.74 | 60.74 | 67.48 | NOTE | |
r-devel-linux-x86_64-debian-gcc | 0.0.21 | 5.53 | 45.29 | 50.82 | NOTE | |
r-devel-linux-x86_64-fedora-clang | 0.0.21 | 111.22 | NOTE | |||
r-devel-linux-x86_64-fedora-gcc | 0.0.21 | 114.67 | NOTE | |||
r-devel-windows-x86_64 | 0.0.21 | 8.00 | 88.00 | 96.00 | NOTE | |
r-patched-linux-x86_64 | 0.0.21 | 6.86 | 56.18 | 63.04 | NOTE | |
r-release-linux-x86_64 | 0.0.21 | 6.71 | 56.58 | 63.29 | NOTE | |
r-release-macos-arm64 | 0.0.21 | 36.00 | NOTE | |||
r-release-macos-x86_64 | 0.0.21 | 58.00 | NOTE | |||
r-release-windows-x86_64 | 0.0.21 | 8.00 | 86.00 | 94.00 | NOTE | |
r-oldrel-macos-arm64 | 0.0.21 | 38.00 | OK | |||
r-oldrel-macos-x86_64 | 0.0.21 | 71.00 | OK | |||
r-oldrel-windows-x86_64 | 0.0.21 | 7.00 | 94.00 | 101.00 | OK |
Version: 0.0.21
Check: Rd files
Result: NOTE
checkRd: (-1) normFit.Rd:39: Lost braces; missing escapes or markup?
39 | {analytes}}
| ^
checkRd: (-1) normPred.Rd:27: Lost braces
27 | ode{standards}, \code{analytes}}
| ^
Flavors: r-devel-linux-x86_64-debian-clang, r-devel-linux-x86_64-debian-gcc, r-devel-linux-x86_64-fedora-clang, r-devel-linux-x86_64-fedora-gcc, r-devel-windows-x86_64, r-patched-linux-x86_64, r-release-linux-x86_64, r-release-macos-arm64, r-release-macos-x86_64, r-release-windows-x86_64