Last updated on 2023-03-21 12:50:32 CET.
Flavor | Version | Tinstall | Tcheck | Ttotal | Status | Flags |
---|---|---|---|---|---|---|
r-devel-linux-x86_64-debian-clang | 1.0.0 | 8.03 | 68.99 | 77.02 | NOTE | |
r-devel-linux-x86_64-debian-gcc | 1.0.0 | 7.50 | 54.59 | 62.09 | NOTE | |
r-devel-linux-x86_64-fedora-clang | 1.0.0 | 98.83 | NOTE | |||
r-devel-linux-x86_64-fedora-gcc | 1.0.0 | 93.17 | NOTE | |||
r-devel-windows-x86_64 | 1.0.0 | 16.00 | 93.00 | 109.00 | NOTE | |
r-patched-linux-x86_64 | 1.0.0 | 9.52 | 69.01 | 78.53 | NOTE | |
r-release-linux-x86_64 | 1.0.0 | 7.94 | 67.48 | 75.42 | NOTE | |
r-release-macos-arm64 | 1.0.0 | 29.00 | NOTE | |||
r-release-macos-x86_64 | 1.0.0 | 43.00 | NOTE | |||
r-release-windows-x86_64 | 1.0.0 | 13.00 | 95.00 | 108.00 | NOTE | |
r-oldrel-macos-arm64 | 1.0.0 | 31.00 | NOTE | |||
r-oldrel-macos-x86_64 | 1.0.0 | 59.00 | NOTE | |||
r-oldrel-windows-ix86+x86_64 | 1.0.0 | 17.00 | 93.00 | 110.00 | NOTE |
Version: 1.0.0
Check: LazyData
Result: NOTE
'LazyData' is specified without a 'data' directory
Flavors: r-devel-linux-x86_64-debian-clang, r-devel-linux-x86_64-debian-gcc, r-devel-linux-x86_64-fedora-clang, r-devel-linux-x86_64-fedora-gcc, r-devel-windows-x86_64, r-patched-linux-x86_64, r-release-linux-x86_64, r-release-macos-arm64, r-release-macos-x86_64, r-release-windows-x86_64, r-oldrel-macos-arm64, r-oldrel-macos-x86_64, r-oldrel-windows-ix86+x86_64