Last updated on 2023-03-25 12:52:51 CET.
Flavor | Version | Tinstall | Tcheck | Ttotal | Status | Flags |
---|---|---|---|---|---|---|
r-devel-linux-x86_64-debian-clang | 0.4.1 | 60.65 | 132.42 | 193.07 | NOTE | |
r-devel-linux-x86_64-debian-gcc | 0.4.1 | 49.01 | 109.49 | 158.50 | NOTE | |
r-devel-linux-x86_64-fedora-gcc | 0.4.1 | 266.99 | NOTE | |||
r-patched-linux-x86_64 | 0.4.1 | 54.20 | 145.70 | 199.90 | OK | |
r-release-linux-x86_64 | 0.4.1 | 49.97 | 142.90 | 192.87 | OK | |
r-release-macos-arm64 | 0.4.1 | 106.00 | OK | |||
r-release-macos-x86_64 | 0.4.1 | 108.00 | OK | |||
r-release-windows-x86_64 | 0.4.1 | 93.00 | 219.00 | 312.00 | OK | |
r-oldrel-macos-arm64 | 0.4.1 | 90.00 | OK | |||
r-oldrel-macos-x86_64 | 0.4.1 | 111.00 | OK | |||
r-oldrel-windows-ix86+x86_64 | 0.4.1 | 152.00 | 229.00 | 381.00 | OK |
Version: 0.4.1
Check: C++ specification
Result: NOTE
Specified C++11: please drop specification unless essential
Flavors: r-devel-linux-x86_64-debian-clang, r-devel-linux-x86_64-debian-gcc, r-devel-linux-x86_64-fedora-gcc