CRAN Package Check Results for Package crassmat

Last updated on 2022-10-06 21:49:49 CEST.

Flavor Version Tinstall Tcheck Ttotal Status Flags
r-devel-linux-x86_64-debian-clang 0.0.6 2.18 24.56 26.74 OK
r-devel-linux-x86_64-debian-gcc 0.0.6 1.48 19.59 21.07 OK
r-devel-linux-x86_64-fedora-clang 0.0.6 46.91 OK
r-devel-linux-x86_64-fedora-gcc 0.0.6 41.92 OK
r-devel-windows-x86_64 0.0.6 11.00 56.00 67.00 OK
r-patched-linux-x86_64 0.0.6 1.66 23.77 25.43 OK
r-release-linux-x86_64 0.0.6 1.75 23.89 25.64 OK
r-release-macos-arm64 0.0.6 17.00 NOTE
r-release-macos-x86_64 0.0.6 21.00 OK
r-release-windows-x86_64 0.0.6 8.00 52.00 60.00 OK
r-oldrel-macos-arm64 0.0.6 23.00 OK
r-oldrel-macos-x86_64 0.0.6 26.00 OK
r-oldrel-windows-ix86+x86_64 0.0.6 5.00 49.00 54.00 OK

Check Details

Version: 0.0.6
Check: package dependencies
Result: NOTE
    Package suggested but not available for checking: ‘NMF’
Flavor: r-release-macos-arm64