Last updated on 2025-04-30 12:49:01 CEST.
Flavor | Version | Tinstall | Tcheck | Ttotal | Status | Flags |
---|---|---|---|---|---|---|
r-devel-linux-x86_64-debian-clang | 0.9-4 | 10.18 | 24.92 | 35.10 | NOTE | |
r-devel-linux-x86_64-debian-gcc | 0.9-4 | 7.40 | 19.74 | 27.14 | NOTE | |
r-devel-linux-x86_64-fedora-clang | 0.9-4 | 59.78 | OK | |||
r-devel-linux-x86_64-fedora-gcc | 0.9-4 | 55.59 | OK | |||
r-devel-windows-x86_64 | 0.9-4 | 12.00 | 65.00 | 77.00 | OK | |
r-patched-linux-x86_64 | 0.9-4 | 9.71 | 23.83 | 33.54 | OK | |
r-release-linux-x86_64 | 0.9-4 | 9.91 | 24.28 | 34.19 | OK | |
r-release-macos-arm64 | 0.9-4 | 21.00 | OK | |||
r-release-macos-x86_64 | 0.9-4 | 35.00 | OK | |||
r-release-windows-x86_64 | 0.9-4 | 13.00 | 62.00 | 75.00 | OK | |
r-oldrel-macos-arm64 | 0.9-4 | 21.00 | OK | |||
r-oldrel-macos-x86_64 | 0.9-4 | 30.00 | OK | |||
r-oldrel-windows-x86_64 | 0.9-4 | 13.00 | 67.00 | 80.00 | OK |
Version: 0.9-4
Check: CRAN incoming feasibility
Result: NOTE
Maintainer: ‘Carsten Franz <carsten.franz@gmail.com>’
No Authors@R field in DESCRIPTION.
Please add one, modifying
Authors@R: person(given = "Carsten",
family = "Franz",
role = c("aut", "cre"),
email = "carsten.franz@gmail.com")
as necessary.
Flavors: r-devel-linux-x86_64-debian-clang, r-devel-linux-x86_64-debian-gcc